Southwest Florida Weather History, Yearly, Monthly, Daily, Records
 Click here to register!Home | Advertise | Forum | Live Webcams | Contact Us | Tell a Friend | Your Account  

Lee County Forecast & Temp
Current Temp: ^vxv007^ °F
Overnight

Overnight: Mostly cloudy, with a low around 59. North wind 7 to 9 mph.
Mostly Cloudy

Wednesday

Wednesday: Partly sunny, with a high near 72. North northeast wind 8 to 10 mph.
Partly Sunny

Lo 59 °FHi 72 °F
Extended Forecast
Florida Weather Forecast

Southwest Florida Webcams

Main Navigation
Weather
· Home
· Current Conditions
· Storm Warnings
· Station Graphs
· Storm Fronts
· Station History
· Drought Index
· Storm Reports
· Rainfall Estimates
· Fire Graphs

Doppler Radar
· Lee County
· Charlotte County
· Collier County
· Hendry County
· Desoto County
· Glades County
· Sarasota County
· Manatee County
· Hillsborough County
· Pinellas County
· Pasco County
· Southwest Florida
· Florida
· State Radars
· National

Satellite
· South Florida
· North Florida
· Regional
· National

Forecast
· Extended
· Marine
· Discussion
· Florida Forecast
· Hazardous Outlook
· Wave Heights
· Fire

Lightning
· Live
· Tracker
· Loop
· Network
· WASP
· WASP Loop

Tropical Weather
· Hurricane Tracker
· Tropical Satellite
· Sea Temperature
· Discussion
· Buoy Data
· Tracking Tools
· Monthly Summary

Moon and Tides
· Tides
· Moon Phase

Live Products

Fishing Reports

Local News

Other Info

Support Us

Support Capeweather.com
donations

If you find this website useful, consider making
a donation.

Click here to learn more


  
 

Southwest Florida Monthly and Yearly Weather Reports

2018: Jan | Feb | Mar | Apr | May | Jun | Jul | Aug | Sep | Oct | Nov | Dec 
2017: Jan | Feb | Mar | Apr | May | Jun | Jul | Aug | Sep | Oct | Nov | Dec 
2016: Jan | Feb | Mar | Apr | May | Jun | Jul | Aug | Sep | Oct | Nov | Dec 
2015: Jan | Feb | Mar | Apr | May | Jun | Jul | Aug | Sep | Oct | Nov | Dec 
2014: Jan | Feb | Mar | Apr | May | Jun | Jul | Aug | Sep | Oct | Nov | Dec 
2013: Jan | Feb | Mar | Apr | May | Jun | Jul | Aug | Sep | Oct | Nov | Dec 
2012: Jan | Feb | Mar | Apr | May | Jun | Jul | Aug | Sep | Oct | Nov | Dec 
2011: Jan | Feb | Mar | Apr | May | Jun | Jul | Aug | Sep | Oct | Nov | Dec 
2010: Jan | Feb | Mar | Apr | May | Jun | Jul | Aug | Sep | Oct | Nov | Dec 
2009: Jan | Feb | Mar | Apr | May | Jun | Jul | Aug | Sep | Oct | Nov | Dec 
2008: Jan | Feb | Mar | Apr | May | Jun | Jul | Aug | Sep | Oct | Nov | Dec 
2007: Jan | Feb | Mar | Apr | May | Jun | Jul | Aug | Sep | Oct | Nov | Dec 
2006: Jan | Feb | Mar | Apr | May | Jun | Jul | Aug | Sep | Oct | Nov | Dec 
2005: Jan | Feb | Mar | Apr | May | Jun | Jul | Aug | Sep | Oct | Nov | Dec 

Report for 2006 12
MONTHLY CLIMATOLOGICAL SUMMARY FOR 12/2006 HEAT COOL MEAN DEG DEG WIND SPEED DOM MEAN MEAN DAY TEMP HIGH TIME LOW TIME DAYS DAYS RAIN AVG HI TIME DIR BAROM HUM --------------------------------------------------------------------------------------- 1 75.0 82.6 12:43pm 70.9 11:16pm 0 10 0.01 3 20 9:39am SE 30.08 85 2 74.5 82.8 12:07pm 68.3 11:58pm 0 9 0.00 2 11 1:42am SE 30.11 83 3 73.2 84.3 2:33pm 65.5 4:23am 0 8 0.00 2 11 3:28pm NW 30.13 83 4 69.8 77.0 3:20pm 62.4 11:59pm 0 5 0.00 6 20 12:54pm NE 30.16 79 5 66.0 77.2 3:13pm 58.3 7:17am 2 3 0.00 7 22 5:28am ENE 30.20 70 6 69.2 82.0 3:42pm 59.5 6:16am 1 5 0.00 4 16 12:16am ENE 30.15 65 7 70.4 81.6 1:14pm 64.2 4:02am 0 5 0.00 4 22 10:37pm NE 30.10 73 8 59.6 67.3 3:29pm 49.9 11:52pm 5 0 0.00 10 28 5:27am NE 30.24 57 9 61.0 75.3 1:17pm 49.4 12:34am 6 2 0.00 8 28 10:05am ENE 30.29 65 10 65.9 78.3 1:02pm 55.6 6:18am 3 4 0.00 5 21 12:25pm NE 30.28 71 11 68.0 79.9 1:32pm 59.3 1:51am 2 5 0.00 5 22 1:32pm ENE 30.25 76 12 69.8 80.3 1:26pm 60.7 6:12am 1 6 0.00 3 15 12:15pm ENE 30.18 74 13 72.3 81.4 3:26pm 64.8 5:19am 0 7 0.00 1 12 10:18am ENE 30.12 77 14 72.4 81.2 2:25pm 68.3 5:39am 0 7 0.01 2 12 8:02am ENE 30.01 86 15 70.9 78.8 12:33pm 68.4 3:15am 0 6 0.00 2 14 12:52pm NNW 29.95 89 16 69.7 73.7 2:22pm 66.6 9:01am 0 5 0.02 3 13 6:43am ENE 30.04 88 17 72.4 82.2 1:55pm 65.6 5:50am 0 7 0.00 3 13 11:53am ENE 30.11 82 18 72.6 84.3 2:06pm 64.8 4:53am 0 8 0.00 4 17 1:59pm ENE 30.14 78 19 70.6 81.4 2:28pm 62.6 6:06am 0 6 0.00 4 20 11:50am ENE 30.13 77 20 69.9 80.5 1:28pm 59.8 6:24am 1 6 0.00 5 20 11:42am E 30.12 73 21 72.4 80.9 11:05am 67.4 6:36am 0 7 0.00 5 20 9:43am E 30.11 78 22 75.0 82.6 1:23pm 69.8 6:37am 0 10 0.00 5 20 11:16am SSE 30.04 82 23 73.6 82.8 11:21am 68.6 7:35am 0 9 0.17 4 21 3:36am W 30.04 84 24 73.7 82.8 2:13pm 67.3 4:29am 0 9 0.00 2 16 11:46pm ENE 30.01 88 25 73.4 77.7 9:57am 68.6 11:12pm 0 8 0.70 7 28 9:03am SSE 29.91 91 26 63.5 69.1 12:31am 55.4 11:23pm 2 1 0.15 4 28 1:27pm NW 29.97 83 27 56.1 65.2 3:01pm 49.1 11:57pm 9 0 0.00 4 20 12:26pm ENE 30.15 66 28 62.0 77.4 3:09pm 48.5 12:46am 6 3 0.00 3 11 4:35am ENE 30.21 73 29 70.5 82.8 2:07pm 59.6 4:44am 1 7 0.00 3 14 2:29pm E 30.23 73 30 73.8 83.6 1:28pm 66.6 7:23am 0 9 0.00 4 18 12:15pm E 30.17 81 31 74.3 84.1 1:41pm 68.9 6:22am 0 9 0.00 3 16 10:20am ESE 30.13 82 --------------------------------------------------------------------------------------- TOT 69.7 84.3 12/3/06 48.5 12/28/06 41 186 1.06 4 28 12/8/06 ENE 30.12 78 HEAT BASE: 65.0 COOL BASE: 65.0
 
  
Hurricane Tracker

Hurricane Tracker
Hurricane Tracker
2017 Storm Tracker Forum


Atlantic Storms
No Storms


Sponsored Links

Recent Forum Posts

New Post
I'll Fa Lay for You, Par rum pum pum pum, This Black Drum
Posted by
chris on Jan 22, 2018 at 05:52:29 PM


New Post
SW FL-Bonita Beach:Weather isn't helping, but we're catching
Posted by
fishbuster on Jan 18, 2018 at 11:46:09 AM


***FORUM RULES***

Member Login
Username

Password


Join For Free!!
Click here to Register!

Total Hits
We received
80778893
page views since June 2005

Sponsored Links

Social Networks

Southwest Florida Weather | Central Florida Weather | Florida Weather

Cape Coral | Fort Myers | Bonita Springs | Naples | Punta Gorda | Port Charlotte | Estero | Sanibel | Lehigh Acres | Captiva | Pine Island | Bokeelia | St. James City | Alva | Arcadia | Labelle | Clewiston | Venice

Lee County | Charlotte County | Collier County | Hendry County | Desoto County
Glades County | Monroe County | Sarasota County | Manatee County
Hillsborough County | Pinellas County | Pasco County

Recommend us




Copyright Capeweather.com 2005-2017

DO NOT make decisions that affect life or property based on this data!
PHP-Nuke Copyright © 2004 by Francisco Burzi. This is free software, and you may redistribute it under the GPL. PHP-Nuke comes with absolutely no warranty, for details, see the license.
Page Generation: 0.21 Seconds