Southwest Florida Weather History, Yearly, Monthly, Daily, Records
 Click here to register!Home | Advertise | Forum | Live Webcams | Contact Us | Tell a Friend | Your Account  

Lee County Forecast & Temp
Today

Today: Mostly sunny, with a high near 84. East wind 7 to 13 mph, with gusts as high as 18 mph.
Mostly Sunny
Tonight

Tonight: Mostly clear, with a low around 66. East wind 7 to 9 mph.
Mostly Clear
Hi 84 °FLo 66 °F
Extended Forecast
Florida Weather Forecast

Southwest Florida Webcams

Main Navigation
Weather
· Home
· Current Conditions
· Storm Warnings
· Station Graphs
· Storm Fronts
· Station History
· Drought Index
· Storm Reports
· Rainfall Estimates
· Fire Graphs

Doppler Radar
· Lee County
· Charlotte County
· Collier County
· Hendry County
· Desoto County
· Glades County
· Sarasota County
· Manatee County
· Hillsborough County
· Pinellas County
· Pasco County
· Southwest Florida
· Florida
· State Radars
· National

Satellite
· South Florida
· North Florida
· Regional
· National

Forecast
· Extended
· Marine
· Discussion
· Florida Forecast
· Hazardous Outlook
· Wave Heights
· Fire

Lightning
· Live
· Tracker
· Loop
· Network
· WASP
· WASP Loop

Tropical Weather
· Hurricane Tracker
· Tropical Satellite
· Sea Temperature
· Discussion
· Buoy Data
· Tracking Tools
· Monthly Summary

Moon and Tides
· Tides
· Moon Phase

Live Products

Fishing Reports

Local News

Other Info

  
 

Southwest Florida Monthly and Yearly Weather Reports

2018: Jan | Feb | Mar | Apr | May | Jun | Jul | Aug | Sep | Oct | Nov | Dec 
2017: Jan | Feb | Mar | Apr | May | Jun | Jul | Aug | Sep | Oct | Nov | Dec 
2016: Jan | Feb | Mar | Apr | May | Jun | Jul | Aug | Sep | Oct | Nov | Dec 
2015: Jan | Feb | Mar | Apr | May | Jun | Jul | Aug | Sep | Oct | Nov | Dec 
2014: Jan | Feb | Mar | Apr | May | Jun | Jul | Aug | Sep | Oct | Nov | Dec 
2013: Jan | Feb | Mar | Apr | May | Jun | Jul | Aug | Sep | Oct | Nov | Dec 
2012: Jan | Feb | Mar | Apr | May | Jun | Jul | Aug | Sep | Oct | Nov | Dec 
2011: Jan | Feb | Mar | Apr | May | Jun | Jul | Aug | Sep | Oct | Nov | Dec 
2010: Jan | Feb | Mar | Apr | May | Jun | Jul | Aug | Sep | Oct | Nov | Dec 
2009: Jan | Feb | Mar | Apr | May | Jun | Jul | Aug | Sep | Oct | Nov | Dec 
2008: Jan | Feb | Mar | Apr | May | Jun | Jul | Aug | Sep | Oct | Nov | Dec 
2007: Jan | Feb | Mar | Apr | May | Jun | Jul | Aug | Sep | Oct | Nov | Dec 
2006: Jan | Feb | Mar | Apr | May | Jun | Jul | Aug | Sep | Oct | Nov | Dec 
2005: Jan | Feb | Mar | Apr | May | Jun | Jul | Aug | Sep | Oct | Nov | Dec 

Report for 2006 10
MONTHLY CLIMATOLOGICAL SUMMARY FOR 10/2006 HEAT COOL MEAN DEG DEG WIND SPEED DOM MEAN MEAN DAY TEMP HIGH TIME LOW TIME DAYS DAYS RAIN AVG HI TIME DIR BAROM HUM --------------------------------------------------------------------------------------- 1 80.4 92.5 3:43pm 68.8 6:56am 0 15 0.00 4 17 11:54am NE 30.02 67 2 80.9 92.1 2:50pm 70.9 7:25am 0 16 0.00 5 19 5:51pm ENE 30.06 71 3 80.3 89.3 2:02pm 71.5 7:14am 0 15 0.00 5 20 10:59am ENE 30.06 70 4 79.6 90.3 5:00pm 71.8 7:09am 0 15 0.00 6 24 12:54pm ENE 30.01 67 5 79.0 89.5 3:23pm 70.3 7:12am 0 14 0.00 6 23 10:20am ENE 29.97 69 6 79.2 91.0 3:21pm 70.8 7:15am 0 14 0.00 3 14 10:03am NE 29.98 70 7 78.6 89.7 12:39pm 69.9 7:32am 0 14 0.00 2 14 2:51pm NW 29.98 71 8 77.9 87.8 1:07pm 69.6 7:07am 0 13 0.00 3 15 4:37pm WNW 29.97 73 9 76.1 85.5 12:39pm 68.3 7:33am 0 11 0.00 4 16 2:10pm NE 29.96 71 10 74.0 83.4 12:41pm 66.3 7:48am 0 9 0.00 3 15 4:23pm NNE 29.93 65 11 74.9 83.6 2:39pm 65.8 6:09am 0 10 0.00 3 18 12:51pm W 29.88 76 12 79.8 87.2 1:10pm 73.9 12:02am 0 15 0.07 3 17 2:06pm WNW 29.85 81 13 79.3 87.6 3:14pm 72.1 7:22am 0 14 0.00 4 15 5:29pm NW 29.89 71 14 77.5 88.0 3:18pm 70.4 4:24am 0 13 0.00 6 22 7:22pm NE 29.96 63 15 75.3 86.5 3:37pm 65.3 6:42am 0 10 0.00 6 19 9:44am ENE 30.00 64 16 77.5 87.2 3:48pm 69.6 7:29am 0 13 0.00 5 18 9:57am ESE 29.98 63 17 77.2 84.9 1:13pm 70.8 7:14am 0 12 0.00 2 16 10:17am ESE 29.93 75 18 78.8 87.6 4:38pm 72.0 7:32am 0 14 0.00 2 11 11:13am SSE 29.90 75 19 79.3 87.8 2:30pm 72.0 7:17am 0 14 0.00 2 14 3:06pm W 29.86 80 20 79.9 87.0 11:12am 74.4 7:28am 0 15 0.00 2 14 3:57pm W 29.84 82 21 80.1 91.8 1:36pm 73.5 7:40am 0 15 0.01 2 14 4:56pm WNW 29.90 82 22 79.6 87.0 2:28pm 72.7 7:48am 0 15 0.00 2 13 1:42am NW 29.94 79 23 77.7 88.4 12:32pm 68.4 11:58pm 0 13 0.00 5 21 3:29pm N 29.95 72 24 63.1 75.1 4:29pm 51.3 7:42am 4 2 0.00 9 25 8:52am NNE 30.08 47 25 64.4 78.8 2:53pm 49.5 7:15am 5 4 0.00 3 15 10:20am NE 30.10 60 26 71.6 83.4 3:36pm 60.2 7:58am 1 8 0.00 3 14 11:47am E 30.08 65 27 75.1 84.0 2:28pm 65.3 7:21am 0 10 0.00 4 22 11:11pm SSE 29.96 76 28 74.3 78.6 1:07pm 64.3 11:35pm 0 9 0.63 8 30 4:52am NW 29.84 80 29 68.8 83.0 3:20pm 55.1 6:21am 2 6 0.00 5 17 9:39am ENE 30.04 70 30 72.8 84.9 3:24pm 61.6 5:56am 1 8 0.00 5 20 1:00pm ENE 30.03 70 31 75.9 88.6 2:00pm 65.8 6:17am 0 11 0.00 4 18 10:57am ENE 29.97 79 --------------------------------------------------------------------------------------- TOT 76.4 92.5 10/1/06 49.5 10/25/06 13 366 0.71 4 30 10/28/06 ENE 29.97 71 HEAT BASE: 65.0 COOL BASE: 65.0
 
  
Hurricane Tracker

Hurricane Tracker
Hurricane Tracker
2017 Storm Tracker Forum


Atlantic Storms
No Storms


Sponsored Links

Recent Forum Posts

New Post
Fishing Guides Thoughts
Posted by
captruss on Feb 19, 2018 at 01:51:59 PM


New Post
2018 Atlantic Basin Hurricane Names
Posted by
chris on Feb 18, 2018 at 07:34:49 PM


***FORUM RULES***

Member Login
Username

Password


Join For Free!!
Click here to Register!

Total Hits
We received
81551443
page views since June 2005

Sponsored Links

Social Networks

Southwest Florida Weather | Central Florida Weather | Florida Weather

Cape Coral | Fort Myers | Bonita Springs | Naples | Punta Gorda | Port Charlotte | Estero | Sanibel | Lehigh Acres | Captiva | Pine Island | Bokeelia | St. James City | Alva | Arcadia | Labelle | Clewiston | Venice

Lee County | Charlotte County | Collier County | Hendry County | Desoto County
Glades County | Monroe County | Sarasota County | Manatee County
Hillsborough County | Pinellas County | Pasco County

Recommend us




Copyright Capeweather.com 2005-2017

DO NOT make decisions that affect life or property based on this data!
PHP-Nuke Copyright © 2004 by Francisco Burzi. This is free software, and you may redistribute it under the GPL. PHP-Nuke comes with absolutely no warranty, for details, see the license.
Page Generation: 0.26 Seconds