Southwest Florida Weather History, Yearly, Monthly, Daily, Records
 Click here to register!Home | Advertise | Forum | Live Webcams | Contact Us | Tell a Friend | Your Account  

Lee County Forecast
This
Afternoon
This Afternoon: Scattered showers and thunderstorms.  Mostly cloudy, with a high near 88. West wind around 8 mph.  Chance of precipitation is 30%.
Scattered
T-storms
Tonight

Tonight: Scattered showers and thunderstorms before 8pm.  Mostly cloudy, with a low around 77. Southeast wind 3 to 6 mph.  Chance of precipitation is 30%.
Scattered
T-storms then
Partly Cloudy
Hi 88 °FLo 77 °F
Extended Forecast
Florida Weather Forecast

Southwest Florida Webcams

Main Navigation
Weather
· Home
· Current Conditions
· Storm Warnings
· Station Graphs
· Storm Fronts
· Temperature Map
· Station History
· Drought Index
· Storm Reports
· Rainfall Estimates
· Fire Graphs

Doppler Radar
· Lee County
· Charlotte County
· Collier County
· Hendry County
· Desoto County
· Glades County
· Sarasota County
· Manatee County
· Hillsborough County
· Pinellas County
· Pasco County
· Southwest Florida
· Florida
· State Radars
· National

Satellite
· South Florida
· North Florida
· Regional
· National

Forecast
· Extended
· Marine
· Discussion
· Florida Forecast
· Hazardous Outlook
· Wave Heights
· Fire

Lightning
· Live
· Tracker
· Loop
· Network
· WASP
· WASP Loop
· 3 Hour Forecast

Tropical Weather
· Hurricane Tracker
· Tropical Satellite
· Sea Temperature
· Discussion
· Buoy Data
· Tracking Tools
· Jeff Masters Blog
· Monthly Summary

Moon and Tides
· Tides
· Moon Phase

Live Products

Fishing Reports

Local News

Other Info

  
 

Southwest Florida Monthly and Yearly Weather Reports

2017: Jan | Feb | Mar | Apr | May | Jun | Jul | Aug | Sep | Oct | Nov | Dec 
2016: Jan | Feb | Mar | Apr | May | Jun | Jul | Aug | Sep | Oct | Nov | Dec 
2015: Jan | Feb | Mar | Apr | May | Jun | Jul | Aug | Sep | Oct | Nov | Dec 
2014: Jan | Feb | Mar | Apr | May | Jun | Jul | Aug | Sep | Oct | Nov | Dec 
2013: Jan | Feb | Mar | Apr | May | Jun | Jul | Aug | Sep | Oct | Nov | Dec 
2012: Jan | Feb | Mar | Apr | May | Jun | Jul | Aug | Sep | Oct | Nov | Dec 
2011: Jan | Feb | Mar | Apr | May | Jun | Jul | Aug | Sep | Oct | Nov | Dec 
2010: Jan | Feb | Mar | Apr | May | Jun | Jul | Aug | Sep | Oct | Nov | Dec 
2009: Jan | Feb | Mar | Apr | May | Jun | Jul | Aug | Sep | Oct | Nov | Dec 
2008: Jan | Feb | Mar | Apr | May | Jun | Jul | Aug | Sep | Oct | Nov | Dec 
2007: Jan | Feb | Mar | Apr | May | Jun | Jul | Aug | Sep | Oct | Nov | Dec 
2006: Jan | Feb | Mar | Apr | May | Jun | Jul | Aug | Sep | Oct | Nov | Dec 
2005: Jan | Feb | Mar | Apr | May | Jun | Jul | Aug | Sep | Oct | Nov | Dec 

Report for 2006 08
MONTHLY CLIMATOLOGICAL SUMMARY FOR 8/2006 HEAT COOL MEAN DEG DEG WIND SPEED DOM MEAN MEAN DAY TEMP HIGH TIME LOW TIME DAYS DAYS RAIN AVG HI TIME DIR BAROM HUM --------------------------------------------------------------------------------------- 1 85.0 94.7 4:52pm 76.7 3:40am 0 20 0.00 3 16 9:41pm ESE 30.05 68 2 83.1 95.6 4:38pm 77.4 6:50am 0 16 0.00 2 23 5:34pm ESE 30.05 74 3 80.9 90.3 12:13pm 77.7 5:25am 0 9 0.00 1 7 11:43am ESE 30.05 83 4 81.7 89.5 4:39pm 77.0 6:57am 0 17 0.00 2 13 12:18pm ESE 30.03 79 5 81.0 91.2 2:02pm 74.0 6:31pm 0 16 1.31 2 29 5:51pm W 29.99 79 6 81.5 93.2 1:47pm 75.8 12:00am 0 16 0.52 3 33 7:12pm ESE 30.03 80 7 81.9 92.7 1:19pm 77.4 6:45am 0 17 0.05 3 24 3:51pm E 30.09 77 8 82.8 94.5 4:11pm 76.1 6:20am 0 18 0.00 3 21 5:33pm ENE 30.07 74 9 82.7 93.4 3:48pm 74.0 6:46am 0 18 0.00 2 16 6:07pm E 30.05 72 10 82.9 89.3 1:27pm 76.0 6:57am 0 18 0.00 2 15 5:05pm WSW 30.00 75 11 83.6 89.3 11:23am 77.7 6:55am 0 19 0.01 3 15 2:17pm WNW 29.95 74 12 83.8 89.5 12:18pm 77.7 5:15am 0 19 0.00 3 15 2:05pm W 29.94 74 13 83.8 89.5 3:37pm 78.1 4:04am 0 19 0.00 4 17 1:53pm WNW 29.98 76 14 82.1 93.2 2:49pm 74.9 6:54pm 0 17 0.35 4 20 5:09pm NE 29.97 78 15 81.6 90.5 12:01pm 75.3 9:37pm 0 17 0.94 3 16 8:07pm ENE 29.94 80 16 80.0 89.5 1:54pm 75.3 3:55am 0 15 0.00 3 15 5:30pm ESE 29.96 82 17 81.8 89.7 2:08pm 75.8 5:32am 0 17 0.00 2 14 7:38pm ESE 29.98 78 18 82.3 90.7 4:00pm 75.3 6:42am 0 17 0.00 3 15 5:37pm ENE 29.97 75 19 79.4 89.9 2:41pm 73.7 5:28pm 0 14 0.31 2 24 4:44pm E 29.95 81 20 79.4 88.8 2:41pm 73.9 4:00am 0 14 0.00 3 16 3:18pm ESE 29.97 80 21 81.0 90.5 1:07pm 75.8 3:51am 0 16 0.00 3 24 5:39pm E 30.04 79 22 82.1 89.3 12:45pm 75.1 5:58am 0 17 0.00 2 13 2:57pm ESE 30.08 79 23 82.9 90.5 12:22pm 77.0 6:08am 0 18 0.00 2 21 5:49pm W 30.02 76 24 79.6 89.7 3:34pm 76.0 9:25pm 0 13 0.02 1 15 2:37pm ESE 29.96 86 25 76.2 76.5 10:51pm 76.0 9:38pm 0 1 0.02 1 6 9:38pm ESE 29.99 87 26 80.2 91.2 1:32pm 75.1 7:09am 0 15 0.01 2 23 2:59pm ESE 29.98 80 27 83.0 90.7 2:50pm 74.9 6:48am 0 18 0.00 3 16 4:38pm SE 29.97 72 28 83.9 92.7 3:06pm 76.7 7:02am 0 19 0.74 3 18 4:16pm E 29.94 74 29 82.4 92.9 2:28pm 76.3 6:19am 0 17 0.03 2 17 3:15pm ENE 29.89 80 30 78.9 83.0 7:06pm 76.1 4:06pm 0 14 0.74 8 25 3:19pm N 29.77 88 31 83.8 89.0 3:34pm 79.8 7:01am 0 19 0.03 6 21 3:43pm WSW 29.85 79 --------------------------------------------------------------------------------------- TOT 82.0 95.6 8/2/06 73.7 8/19/06 0 500 5.06 3 33 8/6/06 ESE 29.98 78 HEAT BASE: 65.0 COOL BASE: 65.0
 
  
Hurricane Tracker

Hurricane Tracker
Hurricane Tracker
2017 Storm Tracker Forum


Atlantic Storms
No Storms


Sponsored Links

Recent Forum Posts

New Post
SW FL-Bonita Beach: Grouper, snapper, redfish, black drum
Posted by
fishbuster on Jul 20, 2017 at 11:36:41 AM


New Post
Some webcams are offline due to lightning
Posted by
chris on Jul 17, 2017 at 10:23:12 PM


New Post
Surely 50MPH sustained this afternoon
Posted by
chris on Jul 12, 2017 at 08:56:15 PM


New Post
Tropical Depression 4 now Remnant Low 7/7
Posted by
ccstorms on Jul 10, 2017 at 06:30:03 PM


New Post
SW FL-Bonita Beach: June wrap-up--Grouper, Snapper, Shark
Posted by
fishbuster on Jul 01, 2017 at 10:12:57 AM


New Post
Lightning strikes pregnant woman, discount store in FM
Posted by
chris on Jun 29, 2017 at 07:31:54 PM


***FORUM RULES***

Sponsored Links

Member Login
Username

Password


Join For Free!!
Click here to Register!

Total Hits
We received
74628282
page views since June 2005

Free Weather Graphics

Free weather stickers

Add a weather graphic to your website with the latest conditions!
Click for Details

Sponsored Links

Social Networks

Southwest Florida Weather | Central Florida Weather | Florida Weather

Cape Coral | Fort Myers | Bonita Springs | Naples | Punta Gorda | Port Charlotte | Estero | Sanibel | Lehigh Acres | Captiva | Pine Island | Bokeelia | St. James City | Alva | Arcadia | Labelle | Clewiston | Venice

Lee County | Charlotte County | Collier County | Hendry County | Desoto County
Glades County | Monroe County | Sarasota County | Manatee County
Hillsborough County | Pinellas County | Pasco County

Recommend us




Copyright Capeweather.com 2005-2017

DO NOT make decisions that affect life or property based on this data!
PHP-Nuke Copyright © 2004 by Francisco Burzi. This is free software, and you may redistribute it under the GPL. PHP-Nuke comes with absolutely no warranty, for details, see the license.
Page Generation: 0.21 Seconds