Southwest Florida Weather History, Yearly, Monthly, Daily, Records
 Click here to register!Home | Advertise | Forum | Live Webcams | Contact Us | Tell a Friend | Your Account  

Lee County Forecast
Tonight

Tonight: Mostly cloudy, with a low around 75. East wind 9 to 11 mph.
Mostly Cloudy

Sunday

Sunday: Partly sunny, with a high near 88. Southeast wind 8 to 13 mph.
Partly Sunny

Lo 75 °FHi 88 °F
Extended Forecast
Florida Weather Forecast

Southwest Florida Webcams

Main Navigation
Weather
· Home
· Current Conditions
· Storm Warnings
· Station Graphs
· Storm Fronts
· Temperature Map
· Station History
· Drought Index
· Storm Reports
· Rainfall Estimates
· Fire Graphs

Doppler Radar
· Lee County
· Charlotte County
· Collier County
· Hendry County
· Desoto County
· Glades County
· Sarasota County
· Manatee County
· Hillsborough County
· Pinellas County
· Pasco County
· Southwest Florida
· Florida
· State Radars
· National

Satellite
· South Florida
· North Florida
· Regional
· National

Forecast
· Extended
· Marine
· Discussion
· Florida Forecast
· Hazardous Outlook
· Wave Heights
· Fire

Lightning
· Live
· Tracker
· Loop
· Network
· WASP
· WASP Loop
· 3 Hour Forecast

Tropical Weather
· Hurricane Tracker
· Tropical Satellite
· Sea Temperature
· Discussion
· Buoy Data
· Tracking Tools
· Monthly Summary

Moon and Tides
· Tides
· Moon Phase

Live Products

Fishing Reports

Local News

Other Info

  
 

Southwest Florida Monthly and Yearly Weather Reports

2017: Jan | Feb | Mar | Apr | May | Jun | Jul | Aug | Sep | Oct | Nov | Dec 
2016: Jan | Feb | Mar | Apr | May | Jun | Jul | Aug | Sep | Oct | Nov | Dec 
2015: Jan | Feb | Mar | Apr | May | Jun | Jul | Aug | Sep | Oct | Nov | Dec 
2014: Jan | Feb | Mar | Apr | May | Jun | Jul | Aug | Sep | Oct | Nov | Dec 
2013: Jan | Feb | Mar | Apr | May | Jun | Jul | Aug | Sep | Oct | Nov | Dec 
2012: Jan | Feb | Mar | Apr | May | Jun | Jul | Aug | Sep | Oct | Nov | Dec 
2011: Jan | Feb | Mar | Apr | May | Jun | Jul | Aug | Sep | Oct | Nov | Dec 
2010: Jan | Feb | Mar | Apr | May | Jun | Jul | Aug | Sep | Oct | Nov | Dec 
2009: Jan | Feb | Mar | Apr | May | Jun | Jul | Aug | Sep | Oct | Nov | Dec 
2008: Jan | Feb | Mar | Apr | May | Jun | Jul | Aug | Sep | Oct | Nov | Dec 
2007: Jan | Feb | Mar | Apr | May | Jun | Jul | Aug | Sep | Oct | Nov | Dec 
2006: Jan | Feb | Mar | Apr | May | Jun | Jul | Aug | Sep | Oct | Nov | Dec 
2005: Jan | Feb | Mar | Apr | May | Jun | Jul | Aug | Sep | Oct | Nov | Dec 

Report for 2006 07
MONTHLY CLIMATOLOGICAL SUMMARY FOR 7/2006 HEAT COOL MEAN DEG DEG WIND SPEED DOM MEAN MEAN DAY TEMP HIGH TIME LOW TIME DAYS DAYS RAIN AVG HI TIME DIR BAROM HUM --------------------------------------------------------------------------------------- 1 83.8 94.7 4:25pm 76.0 6:44am 0 19 0.14 4 22 7:45pm ESE 30.08 73 2 79.5 88.8 11:58am 71.3 5:22pm 0 15 3.65 3 27 3:49pm E 30.12 85 3 79.7 91.4 1:32pm 74.2 2:51am 0 15 0.68 2 25 3:18pm ENE 30.11 85 4 82.5 93.8 3:51pm 74.0 6:12am 0 18 0.00 4 25 4:45pm ENE 30.03 73 5 82.2 88.6 4:10pm 74.0 6:38am 0 17 0.00 3 15 3:24pm WNW 29.98 72 6 81.7 88.2 3:32pm 74.7 11:05pm 0 17 2.55 4 22 8:58pm SW 30.03 77 7 77.5 84.0 8:55am 73.0 6:38pm 0 12 1.94 3 20 12:00am SW 30.09 87 8 76.8 80.7 11:21am 74.0 12:00am 0 12 0.41 1 11 11:41am NE 30.08 91 9 79.2 86.7 5:17pm 72.7 6:28am 0 14 0.00 2 10 3:25pm ESE 30.04 79 10 79.4 89.7 3:17pm 74.2 6:24pm 0 14 0.46 2 27 5:49pm E 30.03 82 11 77.6 89.7 11:54am 73.7 3:21pm 0 13 0.73 3 16 1:53pm E 30.08 86 12 80.1 88.6 3:34pm 73.3 2:27am 0 15 0.00 4 21 2:13pm ESE 30.08 81 13 78.2 87.2 11:14am 75.1 6:30am 0 13 0.66 3 14 12:44pm ESE 30.06 87 14 81.5 91.4 1:23pm 75.3 2:38am 0 17 0.01 2 15 11:13am ESE 30.06 78 15 83.7 94.0 4:56pm 74.0 6:57am 0 19 0.00 3 18 5:28pm E 30.07 70 16 83.2 91.8 5:18pm 74.7 6:39am 0 18 0.00 3 17 6:53pm ESE 30.03 73 17 83.3 90.5 11:45am 76.7 6:10am 0 18 0.00 3 20 7:33pm ESE 29.99 73 18 82.2 89.0 12:29pm 74.4 3:07pm 0 17 0.53 2 27 2:56pm E 29.99 76 19 79.7 89.9 11:29am 73.0 2:44pm 0 15 1.02 2 33 2:26pm SE 30.00 81 20 77.4 87.8 11:20am 73.3 4:35am 0 12 0.04 3 29 1:52pm E 30.03 86 21 78.8 87.0 11:31am 73.2 5:19am 0 14 0.06 3 21 3:20pm SE 29.99 83 22 77.4 81.4 7:09pm 72.5 7:34am 0 12 3.04 3 18 2:36am WSW 29.96 89 23 79.5 86.5 2:27pm 73.3 4:22am 0 14 0.43 4 27 4:59pm WSW 29.99 84 24 82.4 88.8 2:01pm 76.0 5:31am 0 17 0.00 3 16 4:26pm NW 30.05 78 25 82.6 93.4 2:56pm 76.7 6:14am 0 18 0.05 3 19 7:22pm E 30.06 78 26 82.8 92.9 3:07pm 76.7 5:15am 0 18 0.00 3 23 6:13pm ENE 30.03 78 27 80.3 90.5 11:42am 75.4 5:38pm 0 15 0.52 2 29 3:38pm ESE 30.06 84 28 78.7 89.9 11:57am 71.1 5:17pm 0 14 1.81 3 29 5:06pm E 30.11 86 29 80.7 92.9 2:45pm 72.3 3:41pm 0 16 0.53 2 31 3:28pm E 30.09 83 30 83.4 91.0 2:48pm 76.5 5:13am 0 18 0.00 3 13 5:30pm ESE 30.02 79 31 84.6 92.9 1:28pm 77.7 10:00pm 0 20 0.00 3 21 9:38pm WNW 30.01 73 --------------------------------------------------------------------------------------- TOT 80.7 94.7 7/1/06 71.1 7/28/06 0 485 19.26 3 33 7/19/06 ESE 30.04 80 HEAT BASE: 65.0 COOL BASE: 65.0
 
  
Hurricane Tracker

Hurricane Tracker
Hurricane Tracker
2017 Storm Tracker Forum


Atlantic Storms
No Storms


Sponsored Links

Recent Forum Posts

New Post
Invest 92L- Deactivated
Posted by
ccstorms on Oct 17, 2017 at 06:12:31 AM


New Post
Ophelia- Final Advisory
Posted by
ccstorms on Oct 16, 2017 at 06:32:58 AM


New Post
Nate- Final Advisory
Posted by
ccstorms on Oct 08, 2017 at 02:04:43 PM


New Post
SW FL-Bonita Beach: Fishing pre and post Hurricane Irma
Posted by
fishbuster on Oct 07, 2017 at 12:55:48 PM


New Post
Invest 99L- Deactivated
Posted by
ccstorms on Oct 01, 2017 at 06:10:56 AM


New Post
Maria- Final Advisory
Posted by
ccstorms on Sep 30, 2017 at 05:15:26 PM


***FORUM RULES***

Sponsored Links

Member Login
Username

Password


Join For Free!!
Click here to Register!

Total Hits
We received
78351851
page views since June 2005

Social Networks

Southwest Florida Weather | Central Florida Weather | Florida Weather

Cape Coral | Fort Myers | Bonita Springs | Naples | Punta Gorda | Port Charlotte | Estero | Sanibel | Lehigh Acres | Captiva | Pine Island | Bokeelia | St. James City | Alva | Arcadia | Labelle | Clewiston | Venice

Lee County | Charlotte County | Collier County | Hendry County | Desoto County
Glades County | Monroe County | Sarasota County | Manatee County
Hillsborough County | Pinellas County | Pasco County

Recommend us




Copyright Capeweather.com 2005-2017

DO NOT make decisions that affect life or property based on this data!
PHP-Nuke Copyright © 2004 by Francisco Burzi. This is free software, and you may redistribute it under the GPL. PHP-Nuke comes with absolutely no warranty, for details, see the license.
Page Generation: 0.19 Seconds