Southwest Florida Weather History, Yearly, Monthly, Daily, Records
 Click here to register!Home | Advertise | Forum | Live Webcams | Contact Us | Tell a Friend | Your Account  

Lee County Forecast
This
Afternoon
This Afternoon: Scattered showers and thunderstorms.  Mostly cloudy, with a high near 88. West wind around 8 mph.  Chance of precipitation is 30%.
Scattered
T-storms
Tonight

Tonight: Scattered showers and thunderstorms before 8pm.  Mostly cloudy, with a low around 77. Southeast wind 3 to 6 mph.  Chance of precipitation is 30%.
Scattered
T-storms then
Partly Cloudy
Hi 88 °FLo 77 °F
Extended Forecast
Florida Weather Forecast

Southwest Florida Webcams

Main Navigation
Weather
· Home
· Current Conditions
· Storm Warnings
· Station Graphs
· Storm Fronts
· Temperature Map
· Station History
· Drought Index
· Storm Reports
· Rainfall Estimates
· Fire Graphs

Doppler Radar
· Lee County
· Charlotte County
· Collier County
· Hendry County
· Desoto County
· Glades County
· Sarasota County
· Manatee County
· Hillsborough County
· Pinellas County
· Pasco County
· Southwest Florida
· Florida
· State Radars
· National

Satellite
· South Florida
· North Florida
· Regional
· National

Forecast
· Extended
· Marine
· Discussion
· Florida Forecast
· Hazardous Outlook
· Wave Heights
· Fire

Lightning
· Live
· Tracker
· Loop
· Network
· WASP
· WASP Loop
· 3 Hour Forecast

Tropical Weather
· Hurricane Tracker
· Tropical Satellite
· Sea Temperature
· Discussion
· Buoy Data
· Tracking Tools
· Jeff Masters Blog
· Monthly Summary

Moon and Tides
· Tides
· Moon Phase

Live Products

Fishing Reports

Local News

Other Info

  
 

Southwest Florida Monthly and Yearly Weather Reports

2017: Jan | Feb | Mar | Apr | May | Jun | Jul | Aug | Sep | Oct | Nov | Dec 
2016: Jan | Feb | Mar | Apr | May | Jun | Jul | Aug | Sep | Oct | Nov | Dec 
2015: Jan | Feb | Mar | Apr | May | Jun | Jul | Aug | Sep | Oct | Nov | Dec 
2014: Jan | Feb | Mar | Apr | May | Jun | Jul | Aug | Sep | Oct | Nov | Dec 
2013: Jan | Feb | Mar | Apr | May | Jun | Jul | Aug | Sep | Oct | Nov | Dec 
2012: Jan | Feb | Mar | Apr | May | Jun | Jul | Aug | Sep | Oct | Nov | Dec 
2011: Jan | Feb | Mar | Apr | May | Jun | Jul | Aug | Sep | Oct | Nov | Dec 
2010: Jan | Feb | Mar | Apr | May | Jun | Jul | Aug | Sep | Oct | Nov | Dec 
2009: Jan | Feb | Mar | Apr | May | Jun | Jul | Aug | Sep | Oct | Nov | Dec 
2008: Jan | Feb | Mar | Apr | May | Jun | Jul | Aug | Sep | Oct | Nov | Dec 
2007: Jan | Feb | Mar | Apr | May | Jun | Jul | Aug | Sep | Oct | Nov | Dec 
2006: Jan | Feb | Mar | Apr | May | Jun | Jul | Aug | Sep | Oct | Nov | Dec 
2005: Jan | Feb | Mar | Apr | May | Jun | Jul | Aug | Sep | Oct | Nov | Dec 

Report for 2006 04
MONTHLY CLIMATOLOGICAL SUMMARY FOR 4/2006 HEAT COOL MEAN DEG DEG WIND SPEED DOM MEAN MEAN DAY TEMP HIGH TIME LOW TIME DAYS DAYS RAIN AVG HI TIME DIR BAROM HUM --------------------------------------------------------------------------------------- 1 71.6 82.8 12:51pm 62.3 5:04am 0 7 0.00 3 17 2:35pm WNW 30.18 69 2 72.1 81.8 1:15pm 63.7 6:37am 0 7 0.00 4 21 6:04pm WNW 30.11 71 3 71.3 80.9 1:31pm 64.2 6:23am 0 6 0.01 4 22 3:32pm NW 30.08 77 4 72.4 78.8 2:41pm 66.4 6:48am 0 7 0.01 6 22 12:09pm WNW 30.02 82 5 71.5 79.2 2:02pm 64.0 7:24am 0 7 0.00 6 21 6:33pm WNW 29.98 64 6 69.5 81.1 3:53pm 58.6 7:15am 1 6 0.00 3 15 5:12pm W 29.95 61 7 72.4 81.8 3:10pm 60.5 5:44am 1 8 0.00 4 25 1:03pm S 29.96 75 8 76.4 83.6 2:52pm 72.1 12:03am 0 10 0.00 5 21 10:43am SSE 29.92 82 9 76.7 82.8 1:26pm 70.1 11:55pm 0 12 0.01 6 27 9:16am S 29.87 74 10 73.1 82.4 2:17pm 65.5 7:35am 0 8 0.00 9 28 8:12pm NE 29.97 65 11 72.0 83.6 3:18pm 62.6 5:47am 0 7 0.00 7 26 9:19am NE 30.07 61 12 72.5 82.8 4:19pm 65.0 7:12am 0 7 0.00 6 22 11:11am NE 30.14 62 13 71.3 82.6 4:20pm 61.0 6:24am 1 7 0.00 6 23 4:04pm NE 30.09 62 14 68.2 84.9 4:04pm 59.9 7:02am 1 3 0.00 4 18 10:27am NE 30.05 67 15 71.2 83.4 1:04pm 62.3 7:01am 0 4 0.01 2 17 3:36pm WNW 30.00 75 16 72.8 81.6 12:39pm 64.5 4:05am 0 8 0.00 2 17 3:36pm W 29.98 71 17 75.1 81.6 1:25pm 69.4 6:03am 0 10 0.00 4 19 12:07pm WSW 29.92 73 18 76.0 83.2 1:33pm 71.5 2:58am 0 11 0.01 6 22 1:34pm W 29.87 76 19 73.3 86.1 12:33pm 69.1 7:07am 0 5 0.01 2 21 6:09pm N 29.90 85 20 77.2 85.7 11:52am 70.1 6:51am 0 12 0.00 4 18 4:33pm WNW 29.93 76 21 78.4 87.2 2:25pm 70.8 7:01am 0 13 0.00 2 18 3:23pm S 30.00 75 22 78.3 85.3 4:06pm 72.5 6:47am 0 13 0.00 3 20 12:40pm SE 30.02 74 23 78.2 85.5 1:19pm 72.5 5:08am 0 13 0.00 3 18 2:44pm WNW 30.01 75 24 0.0 74.0 1:07am 74.0 1:07am 0 0 0.00 0 0 1:07am --- 0.00 0 25 78.5 88.8 2:05pm 71.8 7:12am 0 7 0.00 2 16 3:21pm S 29.96 75 26 79.4 86.7 1:02pm 73.5 3:42am 0 7 0.00 3 17 11:28am W 29.94 76 27 78.7 84.7 1:04pm 72.7 11:57pm 0 6 0.00 9 26 3:22pm WNW 29.91 73 28 74.4 87.4 4:04pm 65.5 6:58am 0 3 0.00 5 20 9:21pm ENE 29.98 59 29 72.7 83.4 3:05pm 62.0 6:46am 0 3 0.00 4 25 2:44pm ENE 30.05 58 30 72.3 83.4 3:29pm 62.0 7:20am 0 4 0.00 5 20 10:48am ENE 30.06 54 --------------------------------------------------------------------------------------- TOT 74.1 88.8 4/25/06 58.6 4/6/06 5 221 0.06 4 28 4/10/06 WNW 30.00 71 HEAT BASE: 65.0 COOL BASE: 65.0
 
  
Hurricane Tracker

Hurricane Tracker
Hurricane Tracker
2017 Storm Tracker Forum


Atlantic Storms
No Storms


Sponsored Links

Recent Forum Posts

New Post
SW FL-Bonita Beach: Grouper, snapper, redfish, black drum
Posted by
fishbuster on Jul 20, 2017 at 11:36:41 AM


New Post
Some webcams are offline due to lightning
Posted by
chris on Jul 17, 2017 at 10:23:12 PM


New Post
Surely 50MPH sustained this afternoon
Posted by
chris on Jul 12, 2017 at 08:56:15 PM


New Post
Tropical Depression 4 now Remnant Low 7/7
Posted by
ccstorms on Jul 10, 2017 at 06:30:03 PM


New Post
SW FL-Bonita Beach: June wrap-up--Grouper, Snapper, Shark
Posted by
fishbuster on Jul 01, 2017 at 10:12:57 AM


New Post
Lightning strikes pregnant woman, discount store in FM
Posted by
chris on Jun 29, 2017 at 07:31:54 PM


***FORUM RULES***

Sponsored Links

Member Login
Username

Password


Join For Free!!
Click here to Register!

Total Hits
We received
74628264
page views since June 2005

Free Weather Graphics

Free weather stickers

Add a weather graphic to your website with the latest conditions!
Click for Details

Sponsored Links

Social Networks

Southwest Florida Weather | Central Florida Weather | Florida Weather

Cape Coral | Fort Myers | Bonita Springs | Naples | Punta Gorda | Port Charlotte | Estero | Sanibel | Lehigh Acres | Captiva | Pine Island | Bokeelia | St. James City | Alva | Arcadia | Labelle | Clewiston | Venice

Lee County | Charlotte County | Collier County | Hendry County | Desoto County
Glades County | Monroe County | Sarasota County | Manatee County
Hillsborough County | Pinellas County | Pasco County

Recommend us




Copyright Capeweather.com 2005-2017

DO NOT make decisions that affect life or property based on this data!
PHP-Nuke Copyright © 2004 by Francisco Burzi. This is free software, and you may redistribute it under the GPL. PHP-Nuke comes with absolutely no warranty, for details, see the license.
Page Generation: 0.22 Seconds