Southwest Florida Weather History, Yearly, Monthly, Daily, Records
 Click here to register!Home | Advertise | Forum | Live Webcams | Contact Us | Tell a Friend | Your Account  

Lee County Forecast & Temp
Current Temp: ^vxv007^ °F
Overnight

Overnight: Mostly cloudy, with a low around 59. North wind 7 to 9 mph.
Mostly Cloudy

Wednesday

Wednesday: Partly sunny, with a high near 72. North northeast wind 8 to 10 mph.
Partly Sunny

Lo 59 °FHi 72 °F
Extended Forecast
Florida Weather Forecast

Southwest Florida Webcams

Main Navigation
Weather
· Home
· Current Conditions
· Storm Warnings
· Station Graphs
· Storm Fronts
· Station History
· Drought Index
· Storm Reports
· Rainfall Estimates
· Fire Graphs

Doppler Radar
· Lee County
· Charlotte County
· Collier County
· Hendry County
· Desoto County
· Glades County
· Sarasota County
· Manatee County
· Hillsborough County
· Pinellas County
· Pasco County
· Southwest Florida
· Florida
· State Radars
· National

Satellite
· South Florida
· North Florida
· Regional
· National

Forecast
· Extended
· Marine
· Discussion
· Florida Forecast
· Hazardous Outlook
· Wave Heights
· Fire

Lightning
· Live
· Tracker
· Loop
· Network
· WASP
· WASP Loop

Tropical Weather
· Hurricane Tracker
· Tropical Satellite
· Sea Temperature
· Discussion
· Buoy Data
· Tracking Tools
· Monthly Summary

Moon and Tides
· Tides
· Moon Phase

Live Products

Fishing Reports

Local News

Other Info

Support Us

Support Capeweather.com
donations

If you find this website useful, consider making
a donation.

Click here to learn more


  
 

Southwest Florida Monthly and Yearly Weather Reports

2018: Jan | Feb | Mar | Apr | May | Jun | Jul | Aug | Sep | Oct | Nov | Dec 
2017: Jan | Feb | Mar | Apr | May | Jun | Jul | Aug | Sep | Oct | Nov | Dec 
2016: Jan | Feb | Mar | Apr | May | Jun | Jul | Aug | Sep | Oct | Nov | Dec 
2015: Jan | Feb | Mar | Apr | May | Jun | Jul | Aug | Sep | Oct | Nov | Dec 
2014: Jan | Feb | Mar | Apr | May | Jun | Jul | Aug | Sep | Oct | Nov | Dec 
2013: Jan | Feb | Mar | Apr | May | Jun | Jul | Aug | Sep | Oct | Nov | Dec 
2012: Jan | Feb | Mar | Apr | May | Jun | Jul | Aug | Sep | Oct | Nov | Dec 
2011: Jan | Feb | Mar | Apr | May | Jun | Jul | Aug | Sep | Oct | Nov | Dec 
2010: Jan | Feb | Mar | Apr | May | Jun | Jul | Aug | Sep | Oct | Nov | Dec 
2009: Jan | Feb | Mar | Apr | May | Jun | Jul | Aug | Sep | Oct | Nov | Dec 
2008: Jan | Feb | Mar | Apr | May | Jun | Jul | Aug | Sep | Oct | Nov | Dec 
2007: Jan | Feb | Mar | Apr | May | Jun | Jul | Aug | Sep | Oct | Nov | Dec 
2006: Jan | Feb | Mar | Apr | May | Jun | Jul | Aug | Sep | Oct | Nov | Dec 
2005: Jan | Feb | Mar | Apr | May | Jun | Jul | Aug | Sep | Oct | Nov | Dec 

Report for 2006 03
MONTHLY CLIMATOLOGICAL SUMMARY FOR 3/2006 HEAT COOL MEAN DEG DEG WIND SPEED DOM MEAN MEAN DAY TEMP HIGH TIME LOW TIME DAYS DAYS RAIN AVG HI TIME DIR BAROM HUM --------------------------------------------------------------------------------------- 1 67.9 84.0 2:56pm 57.5 6:30am 2 5 0.00 2 14 3:00pm WNW 30.12 70 2 69.6 80.9 2:11pm 60.5 6:30am 1 6 0.01 2 16 12:31pm S 30.06 72 3 70.0 80.1 2:52pm 64.5 2:10am 0 5 0.00 5 17 11:25am WNW 30.03 83 4 68.5 81.2 3:27pm 59.5 7:03am 1 4 0.00 5 18 12:39pm N 30.09 63 5 66.0 81.2 2:31pm 56.0 4:47am 3 4 0.00 4 18 5:46am NE 30.20 65 6 65.7 78.5 12:29pm 56.2 7:06am 2 3 0.00 3 20 2:55pm W 30.15 74 7 66.2 74.4 1:45pm 56.3 11:55pm 1 2 0.00 8 23 4:44pm WNW 30.10 65 8 62.8 78.3 2:38pm 49.5 5:30am 5 3 0.00 4 18 1:34pm NE 30.15 59 9 67.9 77.7 1:35pm 57.5 5:22am 2 4 0.00 6 27 11:47am SE 30.05 67 10 71.8 81.2 2:31pm 65.0 12:52am 0 7 0.00 5 22 11:40am SE 30.06 76 11 73.5 84.7 1:03pm 66.3 6:01am 0 8 0.00 3 18 9:27am SE 30.15 77 12 73.8 85.1 12:36pm 66.9 5:58am 0 9 0.00 2 17 10:25am ESE 30.14 75 13 74.0 82.4 2:42pm 67.1 2:49am 0 9 0.00 3 19 9:42am S 30.06 76 14 73.8 80.9 10:22am 66.9 6:40am 0 18 0.00 4 20 2:13pm S 30.04 80 15 71.7 81.1 3:17pm 63.9 6:42am 0 6 0.00 5 24 7:26am NE 30.13 54 16 70.5 81.2 3:32pm 61.5 4:57am 1 6 0.00 2 15 12:51pm ENE 30.15 65 17 69.6 77.2 2:13pm 63.2 6:05am 0 5 0.00 3 16 2:43pm WNW 30.10 78 18 70.9 79.8 12:50pm 64.7 6:49am 0 6 0.01 5 23 3:01pm NW 30.04 72 19 69.6 82.0 12:54pm 59.0 6:23am 1 6 0.00 2 13 2:59pm NE 30.01 72 20 73.5 81.1 1:22pm 65.8 1:30am 0 8 0.00 6 25 2:05pm S 29.96 78 21 76.2 82.8 3:08pm 72.1 3:27am 0 11 0.00 5 21 1:06pm S 29.94 82 22 75.5 82.2 3:38pm 70.6 7:00am 0 11 0.00 4 17 1:01pm WNW 30.00 67 23 70.8 81.4 11:22am 64.5 6:01am 0 6 0.13 3 30 4:45pm NE 30.00 80 24 64.4 70.8 11:51am 56.5 11:56pm 2 1 0.01 9 30 1:45pm NW 30.00 71 25 58.2 65.6 1:50pm 50.4 5:44am 7 0 0.00 8 26 5:28pm N 30.09 52 26 58.9 69.1 3:00pm 50.7 5:09am 7 1 0.00 6 27 3:51pm N 30.15 50 27 60.5 74.9 3:08pm 46.1 5:42am 6 2 0.00 4 18 5:19pm NE 30.24 53 28 67.0 78.6 1:35pm 55.9 6:03am 2 4 0.00 3 17 3:26pm ENE 30.25 58 29 70.5 82.2 3:34pm 59.9 4:55am 1 6 0.00 3 16 4:11pm SE 30.18 57 30 72.7 82.6 3:15pm 62.4 6:34am 0 8 0.00 3 15 4:07pm E 30.17 62 31 73.0 85.3 2:59pm 64.2 6:22am 0 8 0.00 2 17 1:22pm E 30.21 65 --------------------------------------------------------------------------------------- TOT 69.2 85.3 3/31/06 46.1 3/27/06 44 181 0.16 4 30 3/23/06 N 30.10 68 HEAT BASE: 65.0 COOL BASE: 65.0
 
  
Hurricane Tracker

Hurricane Tracker
Hurricane Tracker
2017 Storm Tracker Forum


Atlantic Storms
No Storms


Sponsored Links

Recent Forum Posts

New Post
I'll Fa Lay for You, Par rum pum pum pum, This Black Drum
Posted by
chris on Jan 22, 2018 at 05:52:29 PM


New Post
SW FL-Bonita Beach:Weather isn't helping, but we're catching
Posted by
fishbuster on Jan 18, 2018 at 11:46:09 AM


***FORUM RULES***

Member Login
Username

Password


Join For Free!!
Click here to Register!

Total Hits
We received
80778823
page views since June 2005

Sponsored Links

Social Networks

Southwest Florida Weather | Central Florida Weather | Florida Weather

Cape Coral | Fort Myers | Bonita Springs | Naples | Punta Gorda | Port Charlotte | Estero | Sanibel | Lehigh Acres | Captiva | Pine Island | Bokeelia | St. James City | Alva | Arcadia | Labelle | Clewiston | Venice

Lee County | Charlotte County | Collier County | Hendry County | Desoto County
Glades County | Monroe County | Sarasota County | Manatee County
Hillsborough County | Pinellas County | Pasco County

Recommend us




Copyright Capeweather.com 2005-2017

DO NOT make decisions that affect life or property based on this data!
PHP-Nuke Copyright © 2004 by Francisco Burzi. This is free software, and you may redistribute it under the GPL. PHP-Nuke comes with absolutely no warranty, for details, see the license.
Page Generation: 0.25 Seconds