Southwest Florida Weather History, Yearly, Monthly, Daily, Records
 Click here to register!Home | Advertise | Forum | Live Webcams | Contact Us | Tell a Friend | Your Account  

Lee County Forecast
Today

Today: A 20 percent chance of showers and thunderstorms after 1pm.  Patchy fog before 8am.  Otherwise, mostly sunny, with a high near 81. Light and variable wind becoming west northwest around 6 mph in the afternoon.
Patchy Fog
then Slight
Chance
T-storms
Tonight

Tonight: A 20 percent chance of showers and thunderstorms before 1am.  Mostly cloudy, with a low around 66. Light and variable wind becoming east 5 to 7 mph in the evening.
Slight Chance
T-storms

Hi 81 °FLo 66 °F
Extended Forecast
Florida Weather Forecast

Southwest Florida Webcams

Main Navigation
Weather
· Home
· Current Conditions
· Storm Warnings
· Station Graphs
· Storm Fronts
· Station History
· Drought Index
· Storm Reports
· Rainfall Estimates
· Fire Graphs

Doppler Radar
· Lee County
· Charlotte County
· Collier County
· Hendry County
· Desoto County
· Glades County
· Sarasota County
· Manatee County
· Hillsborough County
· Pinellas County
· Pasco County
· Southwest Florida
· Florida
· State Radars
· National

Satellite
· South Florida
· North Florida
· Regional
· National

Forecast
· Extended
· Marine
· Discussion
· Florida Forecast
· Hazardous Outlook
· Wave Heights
· Fire

Lightning
· Live
· Tracker
· Loop
· Network
· WASP
· WASP Loop

Tropical Weather
· Hurricane Tracker
· Tropical Satellite
· Sea Temperature
· Discussion
· Buoy Data
· Tracking Tools
· Monthly Summary

Moon and Tides
· Tides
· Moon Phase

Live Products

Fishing Reports

Local News

Other Info

Support Us

Support Capeweather.com
donations

If you find this website useful, consider making
a donation.

Click here to learn more


  
 

Southwest Florida Monthly and Yearly Weather Reports

2017: Jan | Feb | Mar | Apr | May | Jun | Jul | Aug | Sep | Oct | Nov | Dec 
2016: Jan | Feb | Mar | Apr | May | Jun | Jul | Aug | Sep | Oct | Nov | Dec 
2015: Jan | Feb | Mar | Apr | May | Jun | Jul | Aug | Sep | Oct | Nov | Dec 
2014: Jan | Feb | Mar | Apr | May | Jun | Jul | Aug | Sep | Oct | Nov | Dec 
2013: Jan | Feb | Mar | Apr | May | Jun | Jul | Aug | Sep | Oct | Nov | Dec 
2012: Jan | Feb | Mar | Apr | May | Jun | Jul | Aug | Sep | Oct | Nov | Dec 
2011: Jan | Feb | Mar | Apr | May | Jun | Jul | Aug | Sep | Oct | Nov | Dec 
2010: Jan | Feb | Mar | Apr | May | Jun | Jul | Aug | Sep | Oct | Nov | Dec 
2009: Jan | Feb | Mar | Apr | May | Jun | Jul | Aug | Sep | Oct | Nov | Dec 
2008: Jan | Feb | Mar | Apr | May | Jun | Jul | Aug | Sep | Oct | Nov | Dec 
2007: Jan | Feb | Mar | Apr | May | Jun | Jul | Aug | Sep | Oct | Nov | Dec 
2006: Jan | Feb | Mar | Apr | May | Jun | Jul | Aug | Sep | Oct | Nov | Dec 
2005: Jan | Feb | Mar | Apr | May | Jun | Jul | Aug | Sep | Oct | Nov | Dec 

Report for 2006 02
MONTHLY CLIMATOLOGICAL SUMMARY FOR 2/2006 HEAT COOL MEAN DEG DEG WIND SPEED DOM MEAN MEAN DAY TEMP HIGH TIME LOW TIME DAYS DAYS RAIN AVG HI TIME DIR BAROM HUM --------------------------------------------------------------------------------------- 1 62.4 79.0 1:45pm 47.7 5:38am 6 3 0.00 1 11 9:26am NNE 30.03 63 2 70.7 78.8 2:53pm 62.4 12:00am 6 9 0.00 7 23 11:20am SSE 29.91 82 3 71.3 79.8 12:31pm 65.2 11:11pm 0 6 0.54 8 30 1:58pm SSE 29.86 88 4 63.6 66.9 7:59am 59.2 7:49pm 2 0 0.83 9 44 8:40am NW 29.88 79 5 59.4 67.6 2:13pm 53.5 10:58pm 6 0 0.00 5 23 7:52am NW 30.11 60 6 60.2 74.6 3:33pm 50.8 5:11am 6 2 0.00 1 9 9:51am SE 30.18 66 7 62.8 76.1 1:19pm 51.6 5:16am 5 3 0.00 3 23 11:47pm WSW 30.11 76 8 55.7 65.2 3:46pm 47.4 7:06am 14 3 0.00 7 21 1:31pm N 30.15 58 9 57.1 66.4 2:35pm 46.1 7:00am 8 0 0.00 5 24 2:41pm N 30.21 68 10 56.5 71.3 2:34pm 44.3 6:48am 9 1 0.00 1 11 3:02pm N 30.19 61 11 62.8 75.1 2:34pm 51.1 5:38am 5 3 0.10 4 22 11:23pm S 30.02 79 12 51.2 60.2 12:00am 45.4 10:57pm 13 0 0.03 6 27 1:02am N 30.12 73 13 47.1 55.3 2:16pm 41.8 5:58am 18 0 0.01 5 27 3:01pm NW 30.28 65 14 49.6 65.0 3:23pm 37.9 5:48am 15 0 0.00 1 16 10:28am NNE 30.35 55 15 61.4 76.3 2:48pm 47.0 6:24am 6 3 0.00 2 16 1:27pm E 30.28 60 16 66.6 81.8 4:39pm 55.0 5:50am 3 4 0.00 2 14 12:16pm ENE 30.21 68 17 70.2 82.0 2:30pm 59.9 4:08am 1 5 0.00 2 14 4:27pm WNW 30.21 69 18 68.2 84.1 2:04pm 58.4 7:05am 2 5 0.00 2 15 3:19pm W 30.19 75 19 67.9 84.0 1:53pm 59.2 6:02am 2 4 0.01 3 17 4:31pm WNW 30.20 81 20 70.0 85.1 2:03pm 60.4 6:06am 1 6 0.00 2 15 3:44pm W 30.18 77 21 71.0 81.6 2:13pm 62.1 6:41am 0 6 0.00 1 14 12:43pm S 30.12 80 22 72.7 82.6 1:31pm 65.6 5:44am 0 8 0.01 2 17 2:06pm S 30.08 83 23 74.3 86.3 2:23pm 68.6 12:21am 0 9 0.01 3 15 9:48pm S 30.08 81 24 71.4 84.7 2:16pm 66.4 9:48am 0 6 0.00 4 22 6:07pm NE 30.15 82 25 72.2 81.2 12:48pm 66.9 5:16am 0 7 0.00 5 23 10:15am S 30.10 80 26 67.0 73.9 10:07am 54.4 11:55pm 2 3 0.19 7 31 7:54am N 30.02 78 27 60.7 74.4 3:49pm 50.7 6:58am 6 2 0.00 4 20 12:25am NE 30.23 59 28 64.7 79.0 3:42pm 55.4 3:36am 3 3 0.00 2 15 2:20pm SE 30.16 64 --------------------------------------------------------------------------------------- TOT 63.8 86.3 2/23/06 37.9 2/14/06 138 101 1.73 4 44 2/4/06 N 30.13 72 HEAT BASE: 65.0 COOL BASE: 65.0
 
  
Hurricane Tracker

Hurricane Tracker
Hurricane Tracker
2017 Storm Tracker Forum


Atlantic Storms
No Storms


Sponsored Links

Recent Forum Posts

New Post
SW FL-Bonita Beach:Nice trout Inshore;Keeper Mutton Offshore
Posted by
fishbuster on Nov 09, 2017 at 02:17:33 PM


New Post
Philippe- Final Advisory
Posted by
ccstorms on Oct 29, 2017 at 05:36:13 PM


New Post
Invest 92L- Deactivated
Posted by
ccstorms on Oct 17, 2017 at 06:12:31 AM


New Post
Ophelia- Final Advisory
Posted by
ccstorms on Oct 16, 2017 at 06:32:58 AM


New Post
Nate- Final Advisory
Posted by
ccstorms on Oct 08, 2017 at 02:04:43 PM


New Post
SW FL-Bonita Beach: Fishing pre and post Hurricane Irma
Posted by
fishbuster on Oct 07, 2017 at 12:55:48 PM


***FORUM RULES***

Sponsored Links

Member Login
Username

Password


Join For Free!!
Click here to Register!

Total Hits
We received
79184841
page views since June 2005

Sponsored Links

Social Networks

Southwest Florida Weather | Central Florida Weather | Florida Weather

Cape Coral | Fort Myers | Bonita Springs | Naples | Punta Gorda | Port Charlotte | Estero | Sanibel | Lehigh Acres | Captiva | Pine Island | Bokeelia | St. James City | Alva | Arcadia | Labelle | Clewiston | Venice

Lee County | Charlotte County | Collier County | Hendry County | Desoto County
Glades County | Monroe County | Sarasota County | Manatee County
Hillsborough County | Pinellas County | Pasco County

Recommend us




Copyright Capeweather.com 2005-2017

DO NOT make decisions that affect life or property based on this data!
PHP-Nuke Copyright © 2004 by Francisco Burzi. This is free software, and you may redistribute it under the GPL. PHP-Nuke comes with absolutely no warranty, for details, see the license.
Page Generation: 0.22 Seconds