Southwest Florida Weather History, Yearly, Monthly, Daily, Records
 Click here to register!Home | Advertise | Forum | Live Webcams | Contact Us | Tell a Friend | Your Account  

Lee County Forecast
This
Afternoon
This Afternoon: Isolated showers and thunderstorms after 5pm.  Mostly sunny, with a high near 94. Heat index values as high as 99. Northwest wind around 7 mph.  Chance of precipitation is 10%.
Isolated
T-storms

Tonight

Tonight: Isolated showers and thunderstorms before 8pm.  Partly cloudy, with a low around 77. North northwest wind 5 to 8 mph becoming east after midnight.  Chance of precipitation is 10%.
Isolated
T-storms then
Partly Cloudy
Hi 94 °FLo 77 °F
Extended Forecast
Florida Weather Forecast

Southwest Florida Webcams

Main Navigation
Weather
· Home
· Current Conditions
· Storm Warnings
· Station Graphs
· Storm Fronts
· Temperature Map
· Station History
· Drought Index
· Storm Reports
· Rainfall Estimates
· Fire Graphs

Doppler Radar
· Lee County
· Charlotte County
· Collier County
· Hendry County
· Desoto County
· Glades County
· Sarasota County
· Manatee County
· Hillsborough County
· Pinellas County
· Pasco County
· Southwest Florida
· Florida
· State Radars
· National

Satellite
· South Florida
· North Florida
· Regional
· National

Forecast
· Extended
· Marine
· Discussion
· Florida Forecast
· Hazardous Outlook
· Wave Heights
· Fire

Lightning
· Live
· Tracker
· Loop
· Network
· WASP
· WASP Loop
· 3 Hour Forecast

Tropical Weather
· Hurricane Tracker
· Tropical Satellite
· Sea Temperature
· Discussion
· Buoy Data
· Tracking Tools
· Monthly Summary

Moon and Tides
· Tides
· Moon Phase

Live Products

Fishing Reports

Local News

Other Info

  
 

Southwest Florida Monthly and Yearly Weather Reports

2017: Jan | Feb | Mar | Apr | May | Jun | Jul | Aug | Sep | Oct | Nov | Dec 
2016: Jan | Feb | Mar | Apr | May | Jun | Jul | Aug | Sep | Oct | Nov | Dec 
2015: Jan | Feb | Mar | Apr | May | Jun | Jul | Aug | Sep | Oct | Nov | Dec 
2014: Jan | Feb | Mar | Apr | May | Jun | Jul | Aug | Sep | Oct | Nov | Dec 
2013: Jan | Feb | Mar | Apr | May | Jun | Jul | Aug | Sep | Oct | Nov | Dec 
2012: Jan | Feb | Mar | Apr | May | Jun | Jul | Aug | Sep | Oct | Nov | Dec 
2011: Jan | Feb | Mar | Apr | May | Jun | Jul | Aug | Sep | Oct | Nov | Dec 
2010: Jan | Feb | Mar | Apr | May | Jun | Jul | Aug | Sep | Oct | Nov | Dec 
2009: Jan | Feb | Mar | Apr | May | Jun | Jul | Aug | Sep | Oct | Nov | Dec 
2008: Jan | Feb | Mar | Apr | May | Jun | Jul | Aug | Sep | Oct | Nov | Dec 
2007: Jan | Feb | Mar | Apr | May | Jun | Jul | Aug | Sep | Oct | Nov | Dec 
2006: Jan | Feb | Mar | Apr | May | Jun | Jul | Aug | Sep | Oct | Nov | Dec 
2005: Jan | Feb | Mar | Apr | May | Jun | Jul | Aug | Sep | Oct | Nov | Dec 

Report for 2005 12
MONTHLY CLIMATOLOGICAL SUMMARY FOR 12/2005 HEAT COOL MEAN DEG DEG WIND SPEED DOM MEAN MEAN DAY TEMP HIGH TIME LOW TIME DAYS DAYS RAIN AVG HI TIME DIR BAROM HUM --------------------------------------------------------------------------------------- 1 58.4 66.9 3:44pm 50.7 6:50am 7 0 0.00 4 18 10:36am N 30.06 65 2 60.8 72.0 3:06pm 52.0 7:05am 6 1 0.00 2 18 2:34pm N 30.11 65 3 62.9 78.3 2:38pm 51.0 6:21am 5 3 0.00 1 9 10:28am NE 30.14 61 4 67.3 79.2 3:17pm 57.5 7:07am 2 4 0.00 1 15 2:13pm SE 30.11 77 5 70.1 79.6 1:46pm 62.6 7:20am 1 6 0.01 2 23 11:55am S 30.03 85 6 68.3 76.1 12:43pm 62.9 9:51pm 0 4 0.04 3 21 6:05pm NNE 30.06 83 7 69.2 78.3 12:27pm 62.4 7:05am 0 5 0.00 4 16 11:34am ENE 30.14 78 8 73.3 83.2 2:43pm 67.9 4:50am 0 8 0.01 3 14 9:42am E 30.16 80 9 73.2 82.8 1:33pm 67.3 2:39am 0 8 0.00 2 13 2:27pm S 30.13 86 10 68.1 77.7 2:00pm 62.7 6:59am 0 3 0.00 4 15 4:25pm NW 30.09 86 11 65.0 72.5 12:22pm 60.1 11:58pm 1 1 0.00 3 20 12:26pm N 30.02 72 12 58.7 66.0 3:04pm 51.9 7:21am 6 0 0.00 4 16 9:17am N 30.06 63 13 59.6 69.9 2:36pm 51.0 4:28am 6 1 0.00 3 17 9:38am N 30.11 62 14 61.0 74.4 2:34pm 48.0 6:23am 6 2 0.00 2 12 6:30am E 30.09 67 15 68.0 77.7 12:40pm 58.3 3:59am 2 5 0.00 3 24 1:41pm S 29.94 80 16 67.3 74.4 2:13pm 61.0 8:18am 1 3 0.00 4 15 1:26am N 30.01 75 17 68.7 82.0 3:31pm 60.7 3:47am 1 5 0.00 2 12 3:30am NNE 30.13 80 18 72.4 80.1 12:05pm 66.6 2:29am 0 7 0.01 2 17 5:53am S 30.14 90 19 62.9 66.8 12:00am 59.5 11:53pm 2 0 0.00 5 18 9:39pm NNE 30.15 87 20 62.5 69.4 11:42am 56.7 7:48am 3 1 0.00 5 17 5:30am N 30.13 76 21 55.8 61.5 3:13pm 49.1 11:21pm 9 0 0.00 7 21 2:55pm N 30.16 59 22 52.7 63.2 3:43pm 43.6 7:00am 12 0 0.00 5 18 2:39pm N 30.21 61 23 55.3 70.4 3:54pm 43.9 6:51am 10 1 0.00 2 13 9:56am N 30.16 72 24 61.6 73.5 12:03pm 52.6 2:15am 5 1 0.00 2 15 12:34pm S 30.03 81 25 67.9 74.9 10:35am 63.2 3:55am 0 3 0.02 5 21 1:21pm W 29.91 82 26 60.3 66.0 11:02am 51.6 11:54pm 5 0 0.00 6 26 12:20pm NW 30.06 75 27 55.0 67.3 1:32pm 46.7 7:23am 10 0 0.00 2 15 3:20pm N 30.13 75 28 60.2 72.1 12:52pm 49.9 3:37am 6 1 0.01 2 14 2:38pm S 30.00 76 29 67.2 76.8 10:24am 58.0 11:40pm 1 3 0.04 4 26 11:09am NW 29.87 81 30 64.7 77.2 12:28pm 54.8 6:38am 3 3 0.01 1 12 1:54pm W 29.99 84 31 68.0 80.3 2:40pm 60.2 7:45am 1 4 0.01 1 11 5:05pm SSE 30.04 87 --------------------------------------------------------------------------------------- TOT 64.1 83.2 12/8/05 43.6 12/22/05 112 84 0.16 3 26 12/26/05 N 30.08 76 HEAT BASE: 65.0 COOL BASE: 65.0
 
  
Hurricane Tracker

Hurricane Tracker
Hurricane Tracker
2017 Storm Tracker Forum


Atlantic Storms
92L
Harvey


Sponsored Links

Recent Forum Posts

New Post
SWFL-BonitaBeach:Reds,Snook Inshore;Shark,Grouper,Snapper
Posted by
fishbuster on Aug 19, 2017 at 02:28:23 PM


New Post
Harvey
Posted by
ccstorms on Aug 19, 2017 at 11:47:30 AM


New Post
Pre-Invest East Atlantic 20%
Posted by
ccstorms on Aug 19, 2017 at 09:09:57 AM


New Post
Invest 92L-Atlantic 40%
Posted by
ccstorms on Aug 19, 2017 at 09:08:51 AM


New Post
Gert- Final Advisory
Posted by
ccstorms on Aug 17, 2017 at 06:17:15 PM


New Post
Hurricane Charley. 13 years ago today.
Posted by
chris on Aug 13, 2017 at 10:54:05 AM


***FORUM RULES***

Sponsored Links

Member Login
Username

Password


Join For Free!!
Click here to Register!

Total Hits
We received
75681895
page views since June 2005

Free Weather Graphics

Free weather stickers

Add a weather graphic to your website with the latest conditions!
Click for Details

Sponsored Links

Social Networks

Southwest Florida Weather | Central Florida Weather | Florida Weather

Cape Coral | Fort Myers | Bonita Springs | Naples | Punta Gorda | Port Charlotte | Estero | Sanibel | Lehigh Acres | Captiva | Pine Island | Bokeelia | St. James City | Alva | Arcadia | Labelle | Clewiston | Venice

Lee County | Charlotte County | Collier County | Hendry County | Desoto County
Glades County | Monroe County | Sarasota County | Manatee County
Hillsborough County | Pinellas County | Pasco County

Recommend us




Copyright Capeweather.com 2005-2017

DO NOT make decisions that affect life or property based on this data!
PHP-Nuke Copyright © 2004 by Francisco Burzi. This is free software, and you may redistribute it under the GPL. PHP-Nuke comes with absolutely no warranty, for details, see the license.
Page Generation: 0.22 Seconds