Southwest Florida Weather History, Yearly, Monthly, Daily, Records
 Click here to register!Home | Advertise | Forum | Live Webcams | Contact Us | Tell a Friend | Your Account  

Lee County Forecast
This
Afternoon
This Afternoon: Isolated showers after 2pm.  Partly sunny, with a high near 87. Breezy, with an east wind around 16 mph, with gusts as high as 23 mph.  Chance of precipitation is 20%.
Isolated
Showers and
Breezy
Tonight

Tonight: Mostly cloudy, with a low around 74. East wind around 11 mph.
Mostly Cloudy

Hi 87 °FLo 74 °F
Extended Forecast
Florida Weather Forecast

Southwest Florida Webcams

Main Navigation
Weather
· Home
· Current Conditions
· Storm Warnings
· Station Graphs
· Storm Fronts
· Temperature Map
· Station History
· Drought Index
· Storm Reports
· Rainfall Estimates
· Fire Graphs

Doppler Radar
· Lee County
· Charlotte County
· Collier County
· Hendry County
· Desoto County
· Glades County
· Sarasota County
· Manatee County
· Hillsborough County
· Pinellas County
· Pasco County
· Southwest Florida
· Florida
· State Radars
· National

Satellite
· South Florida
· North Florida
· Regional
· National

Forecast
· Extended
· Marine
· Discussion
· Florida Forecast
· Hazardous Outlook
· Wave Heights
· Fire

Lightning
· Live
· Tracker
· Loop
· Network
· WASP
· WASP Loop
· 3 Hour Forecast

Tropical Weather
· Hurricane Tracker
· Tropical Satellite
· Sea Temperature
· Discussion
· Buoy Data
· Tracking Tools
· Monthly Summary

Moon and Tides
· Tides
· Moon Phase

Live Products

Fishing Reports

Local News

Other Info

  
 

Southwest Florida Monthly and Yearly Weather Reports

2017: Jan | Feb | Mar | Apr | May | Jun | Jul | Aug | Sep | Oct | Nov | Dec 
2016: Jan | Feb | Mar | Apr | May | Jun | Jul | Aug | Sep | Oct | Nov | Dec 
2015: Jan | Feb | Mar | Apr | May | Jun | Jul | Aug | Sep | Oct | Nov | Dec 
2014: Jan | Feb | Mar | Apr | May | Jun | Jul | Aug | Sep | Oct | Nov | Dec 
2013: Jan | Feb | Mar | Apr | May | Jun | Jul | Aug | Sep | Oct | Nov | Dec 
2012: Jan | Feb | Mar | Apr | May | Jun | Jul | Aug | Sep | Oct | Nov | Dec 
2011: Jan | Feb | Mar | Apr | May | Jun | Jul | Aug | Sep | Oct | Nov | Dec 
2010: Jan | Feb | Mar | Apr | May | Jun | Jul | Aug | Sep | Oct | Nov | Dec 
2009: Jan | Feb | Mar | Apr | May | Jun | Jul | Aug | Sep | Oct | Nov | Dec 
2008: Jan | Feb | Mar | Apr | May | Jun | Jul | Aug | Sep | Oct | Nov | Dec 
2007: Jan | Feb | Mar | Apr | May | Jun | Jul | Aug | Sep | Oct | Nov | Dec 
2006: Jan | Feb | Mar | Apr | May | Jun | Jul | Aug | Sep | Oct | Nov | Dec 
2005: Jan | Feb | Mar | Apr | May | Jun | Jul | Aug | Sep | Oct | Nov | Dec 

Report for 2005 11
MONTHLY CLIMATOLOGICAL SUMMARY FOR 11/2005 HEAT COOL MEAN DEG DEG WIND SPEED DOM MEAN MEAN DAY TEMP HIGH TIME LOW TIME DAYS DAYS RAIN AVG HI TIME DIR BAROM HUM --------------------------------------------------------------------------------------- 1 71.8 76.5 11:17am 68.1 5:54am 0 7 0.85 3 21 8:56pm N 29.95 88 2 70.9 79.8 2:46pm 66.1 7:24am 0 6 0.00 3 15 10:40am N 30.03 81 3 72.6 83.0 1:14pm 63.5 6:34am 0 8 0.00 4 18 12:55pm NNE 30.15 74 4 74.0 84.3 1:43pm 63.4 6:19am 0 9 0.00 2 15 11:36am NNE 30.09 70 5 75.5 84.0 12:54pm 68.9 4:09am 0 10 0.00 2 14 2:52pm ENE 30.05 74 6 75.4 88.0 12:36pm 66.8 2:54am 0 10 0.00 3 16 3:26pm NE 30.06 77 7 76.4 85.5 3:15pm 68.8 6:28am 0 11 0.00 2 12 8:39am NE 30.10 76 8 75.5 84.3 1:59pm 68.4 6:05am 0 10 0.00 3 17 11:15am NE 30.09 74 9 74.6 83.2 2:04pm 66.9 6:42am 0 10 0.01 2 15 1:20pm NNE 30.08 72 10 72.0 80.7 2:45pm 64.7 6:56am 0 7 0.00 4 18 1:56pm NW 30.02 77 11 73.3 82.8 2:43pm 67.3 4:11am 0 8 0.00 2 16 8:17am NE 30.01 73 12 73.0 82.4 2:33pm 64.2 5:49am 0 8 0.00 3 15 9:59am E 30.09 67 13 74.5 84.0 2:45pm 67.4 6:31am 0 10 0.00 3 15 2:16pm ENE 30.15 69 14 73.8 83.2 3:01pm 67.4 6:15am 0 9 0.00 3 17 5:34pm E 30.12 78 15 76.2 84.1 12:53pm 69.1 6:20am 0 11 0.00 2 14 12:31pm E 30.08 72 16 76.1 90.7 1:38pm 67.1 6:32am 0 11 0.00 2 13 2:21pm NNW 30.06 77 17 72.5 80.9 2:26pm 64.8 11:55pm 0 8 0.00 5 23 10:45pm N 30.05 80 18 69.7 78.8 3:02pm 62.6 4:28am 1 5 0.00 5 23 8:43pm NNE 30.04 75 19 72.4 81.8 1:43pm 65.0 6:44am 0 7 0.00 5 20 12:21am NE 30.04 78 20 76.2 87.4 1:52pm 69.1 7:01am 0 11 0.00 3 14 10:46pm SSE 30.01 81 21 74.0 83.0 12:41pm 67.8 11:43pm 0 9 0.28 9 37 7:25pm WNW 29.86 78 22 66.6 69.4 1:23pm 61.8 5:14am 0 2 0.00 13 33 2:58am WNW 29.91 59 23 59.8 67.9 12:00am 51.3 6:51am 5 0 0.00 5 19 12:23am N 30.02 63 24 69.2 78.8 1:25pm 58.7 12:00am 1 5 0.00 3 19 10:45am WSW 30.00 73 25 71.0 79.9 1:02pm 65.0 11:47pm 0 6 0.01 2 14 1:11pm WNW 30.09 76 26 70.1 80.7 2:49pm 61.0 7:07am 1 6 0.01 1 12 3:52pm E 30.11 71 27 71.9 78.3 3:06pm 64.2 3:24am 0 7 0.00 2 17 9:53am ESE 30.01 74 28 74.8 81.1 12:14pm 70.4 6:18am 0 10 0.08 5 22 9:51am SE 29.95 78 29 71.0 73.2 8:10am 68.6 9:15pm 0 6 0.95 3 19 1:58pm SE 29.97 90 30 65.1 71.3 1:27am 54.8 11:53pm 2 2 0.02 5 20 4:08am N 30.02 75 --------------------------------------------------------------------------------------- TOT 72.3 90.7 11/16/05 51.3 11/23/05 10 229 2.21 4 37 11/21/05 NE 30.04 75 HEAT BASE: 65.0 COOL BASE: 65.0
 
  
Hurricane Tracker

Hurricane Tracker
Hurricane Tracker
2017 Storm Tracker Forum


Atlantic Storms
No Storms


Sponsored Links

Recent Forum Posts

New Post
Invest 92L- Deactivated
Posted by
ccstorms on Oct 17, 2017 at 06:12:31 AM


New Post
Ophelia- Final Advisory
Posted by
ccstorms on Oct 16, 2017 at 06:32:58 AM


New Post
Nate- Final Advisory
Posted by
ccstorms on Oct 08, 2017 at 02:04:43 PM


New Post
SW FL-Bonita Beach: Fishing pre and post Hurricane Irma
Posted by
fishbuster on Oct 07, 2017 at 12:55:48 PM


New Post
Invest 99L- Deactivated
Posted by
ccstorms on Oct 01, 2017 at 06:10:56 AM


New Post
Maria- Final Advisory
Posted by
ccstorms on Sep 30, 2017 at 05:15:26 PM


***FORUM RULES***

Sponsored Links

Member Login
Username

Password


Join For Free!!
Click here to Register!

Total Hits
We received
78344597
page views since June 2005

Social Networks

Southwest Florida Weather | Central Florida Weather | Florida Weather

Cape Coral | Fort Myers | Bonita Springs | Naples | Punta Gorda | Port Charlotte | Estero | Sanibel | Lehigh Acres | Captiva | Pine Island | Bokeelia | St. James City | Alva | Arcadia | Labelle | Clewiston | Venice

Lee County | Charlotte County | Collier County | Hendry County | Desoto County
Glades County | Monroe County | Sarasota County | Manatee County
Hillsborough County | Pinellas County | Pasco County

Recommend us




Copyright Capeweather.com 2005-2017

DO NOT make decisions that affect life or property based on this data!
PHP-Nuke Copyright © 2004 by Francisco Burzi. This is free software, and you may redistribute it under the GPL. PHP-Nuke comes with absolutely no warranty, for details, see the license.
Page Generation: 0.21 Seconds