Southwest Florida Weather History, Yearly, Monthly, Daily, Records
 Click here to register!Home | Advertise | Forum | Live Webcams | Contact Us | Tell a Friend | Your Account  

Lee County Forecast
Today

Today: Scattered showers and thunderstorms after 2pm.  Mostly sunny, with a high near 90. Heat index values as high as 98. Northeast wind 5 to 7 mph.  Chance of precipitation is 40%.
Mostly Sunny
then
Scattered
T-storms
Tonight

Tonight: Scattered showers and thunderstorms before 11pm.  Mostly cloudy, with a low around 75. East northeast wind 5 to 7 mph.  Chance of precipitation is 30%.
Scattered
T-storms then
Mostly Cloudy
Hi 90 °FLo 75 °F
Extended Forecast
Florida Weather Forecast

Southwest Florida Webcams

Main Navigation
Weather
· Home
· Current Conditions
· Storm Warnings
· Station Graphs
· Storm Fronts
· Temperature Map
· Station History
· Drought Index
· Storm Reports
· Rainfall Estimates
· Fire Graphs

Doppler Radar
· Lee County
· Charlotte County
· Collier County
· Hendry County
· Desoto County
· Glades County
· Sarasota County
· Manatee County
· Hillsborough County
· Pinellas County
· Pasco County
· Southwest Florida
· Florida
· State Radars
· National

Satellite
· South Florida
· North Florida
· Regional
· National

Forecast
· Extended
· Marine
· Discussion
· Florida Forecast
· Hazardous Outlook
· Wave Heights
· Fire

Lightning
· Live
· Tracker
· Loop
· Network
· WASP
· WASP Loop
· 3 Hour Forecast

Tropical Weather
· Hurricane Tracker
· Tropical Satellite
· Sea Temperature
· Discussion
· Buoy Data
· Tracking Tools
· Monthly Summary

Moon and Tides
· Tides
· Moon Phase

Live Products

Fishing Reports

Local News

Other Info

  
 

Southwest Florida Monthly and Yearly Weather Reports

2017: Jan | Feb | Mar | Apr | May | Jun | Jul | Aug | Sep | Oct | Nov | Dec 
2016: Jan | Feb | Mar | Apr | May | Jun | Jul | Aug | Sep | Oct | Nov | Dec 
2015: Jan | Feb | Mar | Apr | May | Jun | Jul | Aug | Sep | Oct | Nov | Dec 
2014: Jan | Feb | Mar | Apr | May | Jun | Jul | Aug | Sep | Oct | Nov | Dec 
2013: Jan | Feb | Mar | Apr | May | Jun | Jul | Aug | Sep | Oct | Nov | Dec 
2012: Jan | Feb | Mar | Apr | May | Jun | Jul | Aug | Sep | Oct | Nov | Dec 
2011: Jan | Feb | Mar | Apr | May | Jun | Jul | Aug | Sep | Oct | Nov | Dec 
2010: Jan | Feb | Mar | Apr | May | Jun | Jul | Aug | Sep | Oct | Nov | Dec 
2009: Jan | Feb | Mar | Apr | May | Jun | Jul | Aug | Sep | Oct | Nov | Dec 
2008: Jan | Feb | Mar | Apr | May | Jun | Jul | Aug | Sep | Oct | Nov | Dec 
2007: Jan | Feb | Mar | Apr | May | Jun | Jul | Aug | Sep | Oct | Nov | Dec 
2006: Jan | Feb | Mar | Apr | May | Jun | Jul | Aug | Sep | Oct | Nov | Dec 
2005: Jan | Feb | Mar | Apr | May | Jun | Jul | Aug | Sep | Oct | Nov | Dec 

Report for 2005 10
MONTHLY CLIMATOLOGICAL SUMMARY FOR 10/2005 HEAT COOL MEAN DEG DEG WIND SPEED DOM MEAN MEAN DAY TEMP HIGH TIME LOW TIME DAYS DAYS RAIN AVG HI TIME DIR BAROM HUM --------------------------------------------------------------------------------------- 1 79.1 91.4 2:42pm 74.7 6:53am 0 14 0.81 2 22 3:37pm E 29.95 84 2 80.2 90.5 1:00pm 76.1 5:56am 0 15 0.03 3 27 3:40pm E 29.95 81 3 81.7 90.1 1:08pm 75.4 6:25am 0 17 0.00 3 16 12:35pm E 29.92 75 4 77.1 82.0 1:24pm 74.9 7:06am 0 12 0.23 5 24 11:58am NNE 29.81 86 5 80.3 90.7 12:23pm 74.7 7:49am 0 15 0.00 2 14 4:52pm S 29.71 82 6 80.6 88.4 5:15pm 77.0 6:45am 0 16 0.05 2 17 1:41am SE 29.70 83 7 81.4 92.5 2:25pm 75.8 6:32am 0 16 0.13 1 14 12:21am SW 29.64 81 8 83.6 91.6 1:48pm 79.4 2:54am 0 19 0.00 2 20 2:32pm SW 29.67 75 9 81.3 89.5 11:30am 77.6 6:54am 0 16 0.03 4 19 11:52am WNW 29.73 80 10 82.0 90.1 3:46pm 77.4 6:34am 0 17 0.33 4 17 4:57pm NW 29.76 80 11 81.8 90.3 3:17pm 76.7 7:22am 0 17 0.00 3 25 8:29pm N 29.77 79 12 80.1 91.6 1:38pm 76.5 7:22am 0 15 0.00 3 18 5:51pm N 29.78 84 13 80.9 88.2 3:53pm 76.7 5:52am 0 16 0.00 3 14 8:05pm N 29.82 79 14 79.8 87.6 4:15pm 75.4 5:18am 0 15 0.00 4 15 10:34am N 29.85 78 15 78.2 86.5 1:56pm 70.9 7:33am 0 13 0.00 3 15 9:21am NNE 29.83 70 16 76.9 85.9 3:53pm 70.1 7:34am 0 12 0.00 3 16 5:08pm NNE 29.86 64 17 75.7 86.1 4:19pm 65.2 7:23am 0 11 0.00 1 15 11:45am NE 29.87 66 18 77.9 89.3 3:57pm 66.9 6:25am 0 13 0.00 1 14 10:36am NNE 29.89 68 19 79.1 96.1 2:22pm 74.4 6:20am 0 14 1.14 1 16 2:50pm NE 29.91 78 20 79.5 90.3 2:35pm 74.4 6:59am 0 14 0.06 1 29 5:13pm ESE 29.90 81 21 79.6 84.3 4:48pm 76.7 10:52pm 0 15 0.00 1 15 5:27pm SE 29.86 82 22 79.7 86.3 3:22pm 75.3 4:21am 0 15 0.00 1 11 1:46pm SE 29.76 85 23 81.9 88.0 4:03pm 77.2 3:59am 0 17 0.11 2 16 11:53pm ESE 29.63 80 24 72.6 78.6 12:00am 66.8 11:58pm 0 8 4.44 21 69 7:52am NW 29.40 76 25 62.5 69.3 3:47pm 56.5 8:25am 3 1 0.00 6 24 5:27pm N 29.94 59 26 60.9 69.6 3:39pm 53.8 6:31am 5 1 0.00 4 16 12:53pm N 30.05 61 27 65.5 78.8 4:04pm 53.3 6:09am 4 4 0.00 2 11 3:06pm NNE 30.06 64 28 69.3 80.3 3:43pm 58.6 7:03am 1 5 0.00 3 17 11:43pm NNE 30.05 65 29 68.4 78.3 3:26pm 59.8 7:36am 1 5 0.00 6 22 11:30am NNE 30.13 63 30 68.2 77.7 1:18pm 60.2 6:59am 1 5 0.00 6 25 11:46am NE 30.18 65 31 70.4 79.6 3:24pm 61.3 6:32am 1 6 0.00 3 18 11:47am NE 30.11 70 --------------------------------------------------------------------------------------- TOT 76.7 96.1 10/19/05 53.3 10/27/05 16 376 7.36 3 69 10/24/05 NNE 29.85 75 HEAT BASE: 65.0 COOL BASE: 65.0
 
  
Hurricane Tracker

Hurricane Tracker
Hurricane Tracker
2017 Storm Tracker Forum


Atlantic Storms
Jose
Maria


Sponsored Links

Recent Forum Posts

New Post
Maria
Posted by
ccstorms on Sep 22, 2017 at 05:06:39 AM


New Post
Jose
Posted by
ccstorms on Sep 22, 2017 at 05:01:53 AM


New Post
Lee- Final Advisory
Posted by
ccstorms on Sep 19, 2017 at 08:10:26 AM


New Post
Irma
Posted by
ccstorms on Sep 13, 2017 at 08:51:17 PM


New Post
Katia
Posted by
ccstorms on Sep 07, 2017 at 10:38:16 AM


New Post
Possible Gulf Invest- Deactivated
Posted by
ccstorms on Aug 31, 2017 at 07:45:36 AM


***FORUM RULES***

Sponsored Links

Total Hits
We received
77360340
page views since June 2005

Social Networks

Southwest Florida Weather | Central Florida Weather | Florida Weather

Cape Coral | Fort Myers | Bonita Springs | Naples | Punta Gorda | Port Charlotte | Estero | Sanibel | Lehigh Acres | Captiva | Pine Island | Bokeelia | St. James City | Alva | Arcadia | Labelle | Clewiston | Venice

Lee County | Charlotte County | Collier County | Hendry County | Desoto County
Glades County | Monroe County | Sarasota County | Manatee County
Hillsborough County | Pinellas County | Pasco County

Recommend us




Copyright Capeweather.com 2005-2017

DO NOT make decisions that affect life or property based on this data!
PHP-Nuke Copyright © 2004 by Francisco Burzi. This is free software, and you may redistribute it under the GPL. PHP-Nuke comes with absolutely no warranty, for details, see the license.
Page Generation: 0.26 Seconds