Southwest Florida Weather History, Yearly, Monthly, Daily, Records
 Click here to register!Home | Advertise | Forum | Live Webcams | Contact Us | Tell a Friend | Your Account  

Lee County Forecast
Tonight

Tonight: Mostly cloudy, with a low around 75. East wind 9 to 11 mph.
Mostly Cloudy

Sunday

Sunday: Partly sunny, with a high near 88. Southeast wind 8 to 13 mph.
Partly Sunny

Lo 75 °FHi 88 °F
Extended Forecast
Florida Weather Forecast

Southwest Florida Webcams

Main Navigation
Weather
· Home
· Current Conditions
· Storm Warnings
· Station Graphs
· Storm Fronts
· Temperature Map
· Station History
· Drought Index
· Storm Reports
· Rainfall Estimates
· Fire Graphs

Doppler Radar
· Lee County
· Charlotte County
· Collier County
· Hendry County
· Desoto County
· Glades County
· Sarasota County
· Manatee County
· Hillsborough County
· Pinellas County
· Pasco County
· Southwest Florida
· Florida
· State Radars
· National

Satellite
· South Florida
· North Florida
· Regional
· National

Forecast
· Extended
· Marine
· Discussion
· Florida Forecast
· Hazardous Outlook
· Wave Heights
· Fire

Lightning
· Live
· Tracker
· Loop
· Network
· WASP
· WASP Loop
· 3 Hour Forecast

Tropical Weather
· Hurricane Tracker
· Tropical Satellite
· Sea Temperature
· Discussion
· Buoy Data
· Tracking Tools
· Monthly Summary

Moon and Tides
· Tides
· Moon Phase

Live Products

Fishing Reports

Local News

Other Info

  
 

Southwest Florida Monthly and Yearly Weather Reports

2017: Jan | Feb | Mar | Apr | May | Jun | Jul | Aug | Sep | Oct | Nov | Dec 
2016: Jan | Feb | Mar | Apr | May | Jun | Jul | Aug | Sep | Oct | Nov | Dec 
2015: Jan | Feb | Mar | Apr | May | Jun | Jul | Aug | Sep | Oct | Nov | Dec 
2014: Jan | Feb | Mar | Apr | May | Jun | Jul | Aug | Sep | Oct | Nov | Dec 
2013: Jan | Feb | Mar | Apr | May | Jun | Jul | Aug | Sep | Oct | Nov | Dec 
2012: Jan | Feb | Mar | Apr | May | Jun | Jul | Aug | Sep | Oct | Nov | Dec 
2011: Jan | Feb | Mar | Apr | May | Jun | Jul | Aug | Sep | Oct | Nov | Dec 
2010: Jan | Feb | Mar | Apr | May | Jun | Jul | Aug | Sep | Oct | Nov | Dec 
2009: Jan | Feb | Mar | Apr | May | Jun | Jul | Aug | Sep | Oct | Nov | Dec 
2008: Jan | Feb | Mar | Apr | May | Jun | Jul | Aug | Sep | Oct | Nov | Dec 
2007: Jan | Feb | Mar | Apr | May | Jun | Jul | Aug | Sep | Oct | Nov | Dec 
2006: Jan | Feb | Mar | Apr | May | Jun | Jul | Aug | Sep | Oct | Nov | Dec 
2005: Jan | Feb | Mar | Apr | May | Jun | Jul | Aug | Sep | Oct | Nov | Dec 

Report for 2005 09
MONTHLY CLIMATOLOGICAL SUMMARY FOR 9/2005 HEAT COOL MEAN DEG DEG WIND SPEED DOM MEAN MEAN DAY TEMP HIGH TIME LOW TIME DAYS DAYS RAIN AVG HI TIME DIR BAROM HUM --------------------------------------------------------------------------------------- 1 85.0 93.4 11:52am 79.8 4:38am 0 20 0.00 3 17 1:37pm NW 29.92 75 2 84.2 96.1 12:05pm 78.3 6:27am 0 19 0.52 3 18 5:09pm WNW 29.93 76 3 80.9 93.8 3:20pm 74.9 6:07pm 0 16 2.25 2 22 5:15pm N 29.92 79 4 82.5 91.8 4:03pm 76.7 6:04am 0 18 0.00 3 17 3:42pm NNE 29.89 72 5 80.1 91.8 2:00pm 74.9 6:36am 0 15 0.05 3 21 12:27pm NNE 29.92 76 6 81.2 89.7 3:00pm 74.0 6:39am 0 16 0.00 6 20 7:57pm N 29.90 73 7 80.8 89.9 3:06pm 76.1 4:08am 0 16 0.04 4 20 5:23pm N 29.86 80 8 82.1 87.6 1:43pm 77.6 5:36am 0 16 0.00 7 21 5:17pm NNW 29.84 77 9 82.6 89.0 12:52pm 77.4 7:10am 0 17 0.00 7 23 3:29pm NW 29.86 72 10 83.4 96.1 2:52pm 76.3 7:14am 0 18 0.00 4 19 4:33pm NNE 29.93 69 11 83.1 93.8 3:06pm 75.3 7:00am 0 18 0.00 3 17 5:54pm NW 30.00 71 12 82.3 93.8 2:48pm 74.9 7:05am 0 17 0.00 3 18 4:41pm WNW 30.01 66 13 82.3 91.4 1:55pm 75.6 5:50am 0 17 0.00 4 18 4:21pm NW 29.97 70 14 81.6 89.9 1:37pm 75.4 5:26am 0 17 0.00 4 19 5:29pm WNW 29.98 68 15 82.1 93.2 2:47pm 75.3 2:29am 0 17 0.00 3 17 4:50pm NW 30.00 69 16 83.0 95.4 2:03pm 73.9 7:23am 0 18 0.00 3 15 5:46pm N 30.02 68 17 83.0 95.6 2:27pm 76.7 7:07am 0 18 0.73 1 24 3:21pm E 29.97 75 18 84.8 93.8 3:26pm 76.5 7:17am 0 20 0.00 2 16 3:50pm NNE 29.96 67 19 83.6 93.2 4:00pm 76.0 7:16am 0 18 0.00 4 22 4:04pm NNE 29.98 70 20 79.9 87.0 12:47pm 74.7 9:49pm 0 14 0.48 7 26 9:11am NNE 29.87 81 21 79.7 88.0 4:02pm 74.9 5:02pm 0 15 0.32 4 18 1:11am E 29.85 83 22 81.3 87.4 3:44pm 76.1 11:36pm 0 16 0.09 3 14 7:57pm ESE 29.86 82 23 80.5 90.1 2:55pm 72.8 7:45pm 0 15 0.44 2 26 7:33pm ESE 29.90 81 24 83.1 93.4 2:26pm 75.8 12:54am 0 18 0.00 2 14 9:39am ESE 29.97 74 25 82.1 93.2 3:01pm 74.6 7:30am 0 17 0.00 1 12 4:38pm E 30.00 70 26 80.1 94.5 2:02pm 72.8 8:44pm 0 15 0.07 1 14 3:31pm E 29.95 78 27 80.3 94.0 2:57pm 72.3 4:01am 0 15 0.00 1 13 3:57pm S 29.91 76 28 79.9 95.1 2:43pm 73.5 4:07am 0 15 0.23 1 12 1:36pm ESE 29.93 77 29 79.0 94.5 1:44pm 73.0 6:38am 0 14 2.78 2 23 5:49pm ESE 29.92 80 30 79.3 93.2 2:20pm 73.0 3:56am 0 14 1.13 1 18 6:06pm E 29.91 81 --------------------------------------------------------------------------------------- TOT 81.8 96.1 9/2/05 72.3 9/27/05 0 501 9.13 3 26 9/20/05 N 29.93 75 HEAT BASE: 65.0 COOL BASE: 65.0
 
  
Hurricane Tracker

Hurricane Tracker
Hurricane Tracker
2017 Storm Tracker Forum


Atlantic Storms
No Storms


Sponsored Links

Recent Forum Posts

New Post
Invest 92L- Deactivated
Posted by
ccstorms on Oct 17, 2017 at 06:12:31 AM


New Post
Ophelia- Final Advisory
Posted by
ccstorms on Oct 16, 2017 at 06:32:58 AM


New Post
Nate- Final Advisory
Posted by
ccstorms on Oct 08, 2017 at 02:04:43 PM


New Post
SW FL-Bonita Beach: Fishing pre and post Hurricane Irma
Posted by
fishbuster on Oct 07, 2017 at 12:55:48 PM


New Post
Invest 99L- Deactivated
Posted by
ccstorms on Oct 01, 2017 at 06:10:56 AM


New Post
Maria- Final Advisory
Posted by
ccstorms on Sep 30, 2017 at 05:15:26 PM


***FORUM RULES***

Sponsored Links

Member Login
Username

Password


Join For Free!!
Click here to Register!

Total Hits
We received
78351755
page views since June 2005

Social Networks

Southwest Florida Weather | Central Florida Weather | Florida Weather

Cape Coral | Fort Myers | Bonita Springs | Naples | Punta Gorda | Port Charlotte | Estero | Sanibel | Lehigh Acres | Captiva | Pine Island | Bokeelia | St. James City | Alva | Arcadia | Labelle | Clewiston | Venice

Lee County | Charlotte County | Collier County | Hendry County | Desoto County
Glades County | Monroe County | Sarasota County | Manatee County
Hillsborough County | Pinellas County | Pasco County

Recommend us




Copyright Capeweather.com 2005-2017

DO NOT make decisions that affect life or property based on this data!
PHP-Nuke Copyright © 2004 by Francisco Burzi. This is free software, and you may redistribute it under the GPL. PHP-Nuke comes with absolutely no warranty, for details, see the license.
Page Generation: 0.23 Seconds