Southwest Florida Weather History, Yearly, Monthly, Daily, Records
 Click here to register!Home | Advertise | Forum | Live Webcams | Contact Us | Tell a Friend | Your Account  

Lee County Forecast
Tonight

Tonight: Mostly cloudy, with a low around 75. East wind 9 to 11 mph.
Mostly Cloudy

Sunday

Sunday: Partly sunny, with a high near 88. Southeast wind 8 to 13 mph.
Partly Sunny

Lo 75 °FHi 88 °F
Extended Forecast
Florida Weather Forecast

Southwest Florida Webcams

Main Navigation
Weather
· Home
· Current Conditions
· Storm Warnings
· Station Graphs
· Storm Fronts
· Temperature Map
· Station History
· Drought Index
· Storm Reports
· Rainfall Estimates
· Fire Graphs

Doppler Radar
· Lee County
· Charlotte County
· Collier County
· Hendry County
· Desoto County
· Glades County
· Sarasota County
· Manatee County
· Hillsborough County
· Pinellas County
· Pasco County
· Southwest Florida
· Florida
· State Radars
· National

Satellite
· South Florida
· North Florida
· Regional
· National

Forecast
· Extended
· Marine
· Discussion
· Florida Forecast
· Hazardous Outlook
· Wave Heights
· Fire

Lightning
· Live
· Tracker
· Loop
· Network
· WASP
· WASP Loop
· 3 Hour Forecast

Tropical Weather
· Hurricane Tracker
· Tropical Satellite
· Sea Temperature
· Discussion
· Buoy Data
· Tracking Tools
· Monthly Summary

Moon and Tides
· Tides
· Moon Phase

Live Products

Fishing Reports

Local News

Other Info

  
 

Southwest Florida Monthly and Yearly Weather Reports

2017: Jan | Feb | Mar | Apr | May | Jun | Jul | Aug | Sep | Oct | Nov | Dec 
2016: Jan | Feb | Mar | Apr | May | Jun | Jul | Aug | Sep | Oct | Nov | Dec 
2015: Jan | Feb | Mar | Apr | May | Jun | Jul | Aug | Sep | Oct | Nov | Dec 
2014: Jan | Feb | Mar | Apr | May | Jun | Jul | Aug | Sep | Oct | Nov | Dec 
2013: Jan | Feb | Mar | Apr | May | Jun | Jul | Aug | Sep | Oct | Nov | Dec 
2012: Jan | Feb | Mar | Apr | May | Jun | Jul | Aug | Sep | Oct | Nov | Dec 
2011: Jan | Feb | Mar | Apr | May | Jun | Jul | Aug | Sep | Oct | Nov | Dec 
2010: Jan | Feb | Mar | Apr | May | Jun | Jul | Aug | Sep | Oct | Nov | Dec 
2009: Jan | Feb | Mar | Apr | May | Jun | Jul | Aug | Sep | Oct | Nov | Dec 
2008: Jan | Feb | Mar | Apr | May | Jun | Jul | Aug | Sep | Oct | Nov | Dec 
2007: Jan | Feb | Mar | Apr | May | Jun | Jul | Aug | Sep | Oct | Nov | Dec 
2006: Jan | Feb | Mar | Apr | May | Jun | Jul | Aug | Sep | Oct | Nov | Dec 
2005: Jan | Feb | Mar | Apr | May | Jun | Jul | Aug | Sep | Oct | Nov | Dec 

Report for 2005 08
MONTHLY CLIMATOLOGICAL SUMMARY FOR 8/2005 HEAT COOL MEAN DEG DEG WIND SPEED DOM MEAN MEAN DAY TEMP HIGH TIME LOW TIME DAYS DAYS RAIN AVG HI TIME DIR BAROM HUM --------------------------------------------------------------------------------------- 1 85.3 101.0 2:31pm 76.7 4:51am 0 20 0.00 2 14 4:27pm W 30.01 70 2 84.0 93.4 2:13pm 78.1 6:49am 0 19 0.00 2 17 2:15pm WNW 29.98 74 3 84.8 95.1 4:28pm 77.7 5:08am 0 19 0.00 3 19 6:31pm WNW 29.95 72 4 86.2 97.3 3:06pm 73.5 11:57pm 0 21 0.77 3 19 11:38pm WNW 29.99 69 5 81.2 96.8 1:36pm 73.2 12:29am 0 15 0.11 2 24 12:49am SE 30.04 75 6 83.8 98.5 2:49pm 75.3 9:57pm 0 18 0.42 1 34 9:11pm SE 30.03 73 7 82.9 97.3 1:11pm 75.6 10:35pm 0 18 0.49 3 29 5:43pm W 30.02 75 8 82.1 96.8 2:09pm 74.9 6:41am 0 17 0.00 2 15 3:17pm W 30.01 76 9 86.2 97.1 1:05pm 78.1 6:33am 0 21 0.00 2 12 10:37am SSW 30.01 71 10 86.9 99.4 2:02pm 79.4 5:52am 0 21 0.10 1 15 3:56pm W 30.01 70 11 86.1 99.9 4:17pm 79.0 6:46am 0 21 0.00 1 13 5:21pm SE 30.02 69 12 85.2 99.2 3:27pm 74.9 10:37pm 0 20 0.17 2 24 7:07pm SE 30.02 71 13 85.5 98.0 1:50pm 76.7 12:00am 0 19 0.01 1 13 7:00pm S 30.00 71 14 84.6 97.8 1:03pm 75.3 8:31pm 0 20 0.26 3 26 7:32pm NW 30.02 72 15 85.1 100.2 2:06pm 75.4 1:18am 0 20 0.01 2 15 4:48pm WNW 30.06 68 16 85.5 99.4 4:05pm 77.6 6:14pm 0 20 0.35 2 26 6:04pm ESE 30.03 71 17 88.3 101.5 2:11pm 80.1 6:40am 0 23 0.00 2 15 4:20pm W 29.98 66 18 85.1 99.9 2:46pm 79.0 4:18am 0 19 0.06 2 21 12:07am WNW 29.99 74 19 86.9 98.2 3:20pm 79.8 5:40am 0 22 0.00 2 25 7:23pm SE 30.03 66 20 86.8 99.2 1:32pm 78.1 6:58am 0 21 0.02 2 13 5:38pm SE 30.04 68 21 86.6 99.4 1:26pm 78.3 6:23am 0 22 0.00 2 16 7:03pm W 29.99 68 22 84.4 96.6 12:11pm 78.5 11:00pm 0 19 0.06 2 20 12:14pm SE 29.91 73 23 82.4 96.8 2:44pm 72.7 5:16pm 0 16 1.98 2 20 4:40pm ESE 29.90 78 24 82.4 94.0 1:04pm 75.6 4:27am 0 17 0.42 2 26 5:18pm NW 29.90 79 25 82.0 89.5 1:15pm 78.8 3:36am 0 17 0.02 7 29 10:54pm N 29.86 79 26 80.4 85.3 2:34pm 75.6 10:34pm 0 15 0.25 9 35 1:40pm ESE 29.69 77 27 79.9 92.1 1:18pm 74.6 6:01pm 0 15 0.77 5 30 3:39pm ESE 29.72 82 28 84.1 91.4 1:59pm 78.1 6:24am 0 19 0.01 6 28 2:30pm ESE 29.76 75 29 84.9 90.3 4:26pm 81.1 12:07am 0 20 0.00 7 24 2:08pm SSE 29.84 79 30 86.6 94.0 3:50pm 81.4 11:45pm 0 22 0.00 4 17 12:44pm S 29.89 75 31 86.0 96.1 2:39pm 79.8 6:01am 0 21 0.00 2 16 5:27pm WNW 29.90 73 --------------------------------------------------------------------------------------- TOT 84.6 101.5 8/17/05 72.7 8/23/05 0 598 6.28 3 35 8/26/05 SE 29.95 73 HEAT BASE: 65.0 COOL BASE: 65.0
 
  
Hurricane Tracker

Hurricane Tracker
Hurricane Tracker
2017 Storm Tracker Forum


Atlantic Storms
No Storms


Sponsored Links

Recent Forum Posts

New Post
Invest 92L- Deactivated
Posted by
ccstorms on Oct 17, 2017 at 06:12:31 AM


New Post
Ophelia- Final Advisory
Posted by
ccstorms on Oct 16, 2017 at 06:32:58 AM


New Post
Nate- Final Advisory
Posted by
ccstorms on Oct 08, 2017 at 02:04:43 PM


New Post
SW FL-Bonita Beach: Fishing pre and post Hurricane Irma
Posted by
fishbuster on Oct 07, 2017 at 12:55:48 PM


New Post
Invest 99L- Deactivated
Posted by
ccstorms on Oct 01, 2017 at 06:10:56 AM


New Post
Maria- Final Advisory
Posted by
ccstorms on Sep 30, 2017 at 05:15:26 PM


***FORUM RULES***

Sponsored Links

Member Login
Username

Password


Join For Free!!
Click here to Register!

Total Hits
We received
78351779
page views since June 2005

Social Networks

Southwest Florida Weather | Central Florida Weather | Florida Weather

Cape Coral | Fort Myers | Bonita Springs | Naples | Punta Gorda | Port Charlotte | Estero | Sanibel | Lehigh Acres | Captiva | Pine Island | Bokeelia | St. James City | Alva | Arcadia | Labelle | Clewiston | Venice

Lee County | Charlotte County | Collier County | Hendry County | Desoto County
Glades County | Monroe County | Sarasota County | Manatee County
Hillsborough County | Pinellas County | Pasco County

Recommend us




Copyright Capeweather.com 2005-2017

DO NOT make decisions that affect life or property based on this data!
PHP-Nuke Copyright © 2004 by Francisco Burzi. This is free software, and you may redistribute it under the GPL. PHP-Nuke comes with absolutely no warranty, for details, see the license.
Page Generation: 0.22 Seconds