Southwest Florida Weather History, Yearly, Monthly, Daily, Records
 Click here to register!Home | Advertise | Forum | Live Webcams | Contact Us | Tell a Friend | Your Account  

Lee County Forecast
Today

Today: Mostly sunny, with a high near 79. West wind 5 to 13 mph, with gusts as high as 18 mph.
Mostly Sunny

Tonight

Tonight: Partly cloudy, with a low around 58. Northwest wind 9 to 13 mph becoming north northeast after midnight. Winds could gust as high as 18 mph.
Partly Cloudy

Hi 79 °FLo 58 °F
Extended Forecast
Florida Weather Forecast

Southwest Florida Webcams

Main Navigation
Weather
· Home
· Current Conditions
· Storm Warnings
· Station Graphs
· Storm Fronts
· Temperature Map
· Station History
· Drought Index
· Storm Reports
· Rainfall Estimates
· Fire Graphs

Doppler Radar
· Lee County
· Charlotte County
· Collier County
· Hendry County
· Desoto County
· Glades County
· Sarasota County
· Manatee County
· Hillsborough County
· Pinellas County
· Pasco County
· Southwest Florida
· Florida
· State Radars
· National

Satellite
· South Florida
· North Florida
· Regional
· National

Forecast
· Extended
· Marine
· Discussion
· Florida Forecast
· Hazardous Outlook
· Wave Heights
· Fire

Lightning
· Live
· Tracker
· Loop
· Network
· WASP
· WASP Loop
· 3 Hour Forecast

Tropical Weather
· Hurricane Tracker
· Tropical Satellite
· Sea Temperature
· Discussion
· Buoy Data
· Tracking Tools
· Monthly Summary

Moon and Tides
· Tides
· Moon Phase

Live Products

Fishing Reports

Local News

Other Info

  
 

Southwest Florida Monthly and Yearly Weather Reports

2017: Jan | Feb | Mar | Apr | May | Jun | Jul | Aug | Sep | Oct | Nov | Dec 
2016: Jan | Feb | Mar | Apr | May | Jun | Jul | Aug | Sep | Oct | Nov | Dec 
2015: Jan | Feb | Mar | Apr | May | Jun | Jul | Aug | Sep | Oct | Nov | Dec 
2014: Jan | Feb | Mar | Apr | May | Jun | Jul | Aug | Sep | Oct | Nov | Dec 
2013: Jan | Feb | Mar | Apr | May | Jun | Jul | Aug | Sep | Oct | Nov | Dec 
2012: Jan | Feb | Mar | Apr | May | Jun | Jul | Aug | Sep | Oct | Nov | Dec 
2011: Jan | Feb | Mar | Apr | May | Jun | Jul | Aug | Sep | Oct | Nov | Dec 
2010: Jan | Feb | Mar | Apr | May | Jun | Jul | Aug | Sep | Oct | Nov | Dec 
2009: Jan | Feb | Mar | Apr | May | Jun | Jul | Aug | Sep | Oct | Nov | Dec 
2008: Jan | Feb | Mar | Apr | May | Jun | Jul | Aug | Sep | Oct | Nov | Dec 
2007: Jan | Feb | Mar | Apr | May | Jun | Jul | Aug | Sep | Oct | Nov | Dec 
2006: Jan | Feb | Mar | Apr | May | Jun | Jul | Aug | Sep | Oct | Nov | Dec 
2005: Jan | Feb | Mar | Apr | May | Jun | Jul | Aug | Sep | Oct | Nov | Dec 

Report for 2005 07
MONTHLY CLIMATOLOGICAL SUMMARY FOR 7/2005 HEAT COOL MEAN DEG DEG WIND SPEED DOM MEAN MEAN DAY TEMP HIGH TIME LOW TIME DAYS DAYS RAIN AVG HI TIME DIR BAROM HUM --------------------------------------------------------------------------------------- 1 84.0 92.5 1:11pm 77.9 5:28am 0 19 0.00 4 20 2:49pm W 29.95 76 2 84.7 92.7 12:50pm 79.8 2:33am 0 19 0.01 2 19 1:24pm WSW 29.94 74 3 85.9 94.7 1:23pm 79.4 5:56am 0 20 0.00 2 15 2:56pm S 30.01 71 4 86.4 98.5 3:57pm 78.8 5:17am 0 21 0.00 2 16 11:27am ESE 30.10 70 5 86.7 99.7 2:56pm 78.3 6:51am 0 22 0.00 2 14 9:10am SE 30.08 69 6 86.6 99.7 3:10pm 77.7 6:36am 0 22 0.00 3 15 3:52pm SE 30.01 69 7 87.1 99.2 1:56pm 78.8 6:39am 0 21 0.00 3 17 4:57pm ESE 29.98 67 8 82.1 94.5 1:44pm 73.2 11:53pm 0 17 1.68 4 34 7:05pm E 29.93 78 9 77.6 82.6 3:18pm 72.8 1:04am 0 12 0.93 13 40 4:00pm ESE 29.82 84 10 82.6 88.8 2:31pm 76.0 12:19am 0 17 0.70 12 38 10:44am SE 29.90 79 11 84.0 97.5 2:49pm 79.0 5:46am 0 19 0.00 3 19 4:55pm SE 30.02 75 12 83.3 95.9 12:24pm 76.0 8:41pm 0 18 1.02 2 18 5:35pm WNW 30.07 78 13 81.9 98.5 2:12pm 76.5 3:00pm 0 16 0.24 2 23 2:52pm N 30.03 80 14 83.2 97.1 2:17pm 75.8 5:11am 0 17 0.00 1 17 4:06pm S 29.99 74 15 83.4 97.3 3:23pm 75.1 6:41am 0 18 0.13 3 16 10:05pm SE 30.02 71 16 81.4 97.1 2:48pm 75.1 5:19pm 0 16 0.57 2 23 3:49pm ESE 30.07 78 17 83.4 94.9 3:25pm 76.8 5:00pm 0 18 0.57 3 18 4:44pm E 30.07 77 18 85.6 94.0 3:41pm 78.8 6:56am 0 20 0.00 3 18 11:40am E 30.03 70 19 82.7 97.3 2:32pm 76.7 7:16pm 0 17 0.46 2 15 10:51am E 30.03 78 20 83.7 92.5 12:58pm 77.2 1:17am 0 18 0.00 2 20 5:44pm ESE 30.04 74 21 84.3 96.1 3:46pm 74.9 7:36pm 0 19 0.68 2 30 7:26pm E 30.04 75 22 84.7 98.5 3:39pm 74.2 1:51pm 0 20 1.29 2 14 1:23pm W 30.03 76 23 86.0 93.8 1:49pm 80.3 6:34am 0 21 0.00 5 18 5:06pm WNW 30.04 72 24 83.3 90.1 12:10pm 78.5 7:41pm 0 17 0.11 4 15 12:23pm WNW 30.01 77 25 81.7 97.8 3:15pm 75.3 5:18pm 0 17 0.59 1 20 4:11pm NNE 29.98 78 26 84.9 96.1 2:18pm 77.7 6:23am 0 20 0.00 2 15 6:41pm W 29.98 74 27 85.0 94.0 12:10pm 78.8 5:46am 0 19 0.05 3 19 4:50pm W 29.96 75 28 83.6 92.1 4:39pm 76.1 1:15pm 0 19 0.00 2 13 4:25pm W 29.99 78 29 84.4 96.6 11:34am 78.5 4:40am 0 37 0.00 2 14 2:19pm S 30.04 73 30 82.1 99.9 12:54pm 76.8 11:16pm 0 16 0.05 2 17 3:15pm E 30.05 75 31 83.0 97.8 2:23pm 76.0 6:23am 0 17 0.00 2 11 9:09am E 30.03 73 --------------------------------------------------------------------------------------- TOT 83.9 99.9 7/30/05 72.8 7/9/05 0 591 9.08 3 40 7/9/05 ESE 30.01 75 HEAT BASE: 65.0 COOL BASE: 65.0
 
  
Hurricane Tracker

Hurricane Tracker
Hurricane Tracker
2017 Storm Tracker Forum


Atlantic Storms
No Storms


Sponsored Links

Recent Forum Posts

New Post
SW FL-Bonita Beach:Nice trout Inshore;Keeper Mutton Offshore
Posted by
fishbuster on Nov 09, 2017 at 02:17:33 PM


New Post
Philippe- Final Advisory
Posted by
ccstorms on Oct 29, 2017 at 05:36:13 PM


New Post
Invest 92L- Deactivated
Posted by
ccstorms on Oct 17, 2017 at 06:12:31 AM


New Post
Ophelia- Final Advisory
Posted by
ccstorms on Oct 16, 2017 at 06:32:58 AM


New Post
Nate- Final Advisory
Posted by
ccstorms on Oct 08, 2017 at 02:04:43 PM


New Post
SW FL-Bonita Beach: Fishing pre and post Hurricane Irma
Posted by
fishbuster on Oct 07, 2017 at 12:55:48 PM


***FORUM RULES***

Sponsored Links

Member Login
Username

Password


Join For Free!!
Click here to Register!

Total Hits
We received
79107854
page views since June 2005

Social Networks

Southwest Florida Weather | Central Florida Weather | Florida Weather

Cape Coral | Fort Myers | Bonita Springs | Naples | Punta Gorda | Port Charlotte | Estero | Sanibel | Lehigh Acres | Captiva | Pine Island | Bokeelia | St. James City | Alva | Arcadia | Labelle | Clewiston | Venice

Lee County | Charlotte County | Collier County | Hendry County | Desoto County
Glades County | Monroe County | Sarasota County | Manatee County
Hillsborough County | Pinellas County | Pasco County

Recommend us




Copyright Capeweather.com 2005-2017

DO NOT make decisions that affect life or property based on this data!
PHP-Nuke Copyright © 2004 by Francisco Burzi. This is free software, and you may redistribute it under the GPL. PHP-Nuke comes with absolutely no warranty, for details, see the license.
Page Generation: 0.22 Seconds