Southwest Florida Weather History, Yearly, Monthly, Daily, Records
 Click here to register!Home | Advertise | Forum | Live Webcams | Contact Us | Tell a Friend | Your Account  

Lee County Forecast
Today

Today: A 20 percent chance of showers and thunderstorms after 1pm.  Patchy fog before 8am.  Otherwise, mostly sunny, with a high near 81. Light and variable wind becoming west northwest around 6 mph in the afternoon.
Patchy Fog
then Slight
Chance
T-storms
Tonight

Tonight: A 20 percent chance of showers and thunderstorms before 1am.  Mostly cloudy, with a low around 66. Light and variable wind becoming east 5 to 7 mph in the evening.
Slight Chance
T-storms

Hi 81 °FLo 66 °F
Extended Forecast
Florida Weather Forecast

Southwest Florida Webcams

Main Navigation
Weather
· Home
· Current Conditions
· Storm Warnings
· Station Graphs
· Storm Fronts
· Station History
· Drought Index
· Storm Reports
· Rainfall Estimates
· Fire Graphs

Doppler Radar
· Lee County
· Charlotte County
· Collier County
· Hendry County
· Desoto County
· Glades County
· Sarasota County
· Manatee County
· Hillsborough County
· Pinellas County
· Pasco County
· Southwest Florida
· Florida
· State Radars
· National

Satellite
· South Florida
· North Florida
· Regional
· National

Forecast
· Extended
· Marine
· Discussion
· Florida Forecast
· Hazardous Outlook
· Wave Heights
· Fire

Lightning
· Live
· Tracker
· Loop
· Network
· WASP
· WASP Loop

Tropical Weather
· Hurricane Tracker
· Tropical Satellite
· Sea Temperature
· Discussion
· Buoy Data
· Tracking Tools
· Monthly Summary

Moon and Tides
· Tides
· Moon Phase

Live Products

Fishing Reports

Local News

Other Info

Support Us

Support Capeweather.com
donations

If you find this website useful, consider making
a donation.

Click here to learn more


  
 

Southwest Florida Monthly and Yearly Weather Reports

2017: Jan | Feb | Mar | Apr | May | Jun | Jul | Aug | Sep | Oct | Nov | Dec 
2016: Jan | Feb | Mar | Apr | May | Jun | Jul | Aug | Sep | Oct | Nov | Dec 
2015: Jan | Feb | Mar | Apr | May | Jun | Jul | Aug | Sep | Oct | Nov | Dec 
2014: Jan | Feb | Mar | Apr | May | Jun | Jul | Aug | Sep | Oct | Nov | Dec 
2013: Jan | Feb | Mar | Apr | May | Jun | Jul | Aug | Sep | Oct | Nov | Dec 
2012: Jan | Feb | Mar | Apr | May | Jun | Jul | Aug | Sep | Oct | Nov | Dec 
2011: Jan | Feb | Mar | Apr | May | Jun | Jul | Aug | Sep | Oct | Nov | Dec 
2010: Jan | Feb | Mar | Apr | May | Jun | Jul | Aug | Sep | Oct | Nov | Dec 
2009: Jan | Feb | Mar | Apr | May | Jun | Jul | Aug | Sep | Oct | Nov | Dec 
2008: Jan | Feb | Mar | Apr | May | Jun | Jul | Aug | Sep | Oct | Nov | Dec 
2007: Jan | Feb | Mar | Apr | May | Jun | Jul | Aug | Sep | Oct | Nov | Dec 
2006: Jan | Feb | Mar | Apr | May | Jun | Jul | Aug | Sep | Oct | Nov | Dec 
2005: Jan | Feb | Mar | Apr | May | Jun | Jul | Aug | Sep | Oct | Nov | Dec 

Report for 2005 06
MONTHLY CLIMATOLOGICAL SUMMARY FOR 6/2005 HEAT COOL MEAN DEG DEG WIND SPEED DOM MEAN MEAN DAY TEMP HIGH TIME LOW TIME DAYS DAYS RAIN AVG HI TIME DIR BAROM HUM --------------------------------------------------------------------------------------- 1 76.0 80.3 5:13pm 72.1 8:15am 0 11 1.90 4 25 5:01am SE 29.92 86 2 74.2 81.1 3:49pm 68.8 5:47am 0 9 0.90 4 23 5:19am ESE 29.94 85 3 73.3 74.9 11:07am 70.1 8:25am 0 8 1.77 1 17 8:10am ESE 29.94 91 4 77.0 86.1 3:10pm 70.9 6:32am 0 12 0.34 3 18 3:44pm E 29.97 83 5 80.2 91.6 12:55pm 76.0 5:27am 0 15 0.01 2 12 2:10pm E 29.98 79 6 81.2 91.2 4:07pm 74.2 6:48am 0 16 0.00 3 14 6:41pm WNW 29.98 75 7 81.3 94.5 12:02pm 72.0 7:18pm 0 16 0.10 3 35 6:45pm W 29.93 76 8 79.0 92.1 2:04pm 71.3 4:30pm 0 14 0.66 2 35 4:13pm NE 29.90 79 9 78.9 86.5 1:20pm 73.9 2:06pm 0 14 0.26 3 33 1:43pm E 29.91 85 10 77.0 79.2 12:00am 74.4 10:05am 0 12 1.90 8 33 8:58am E 29.82 88 11 81.7 88.0 2:32pm 75.3 3:04am 0 16 1.36 9 32 2:26am SSE 29.84 84 12 80.6 89.0 11:58am 77.0 2:43pm 0 14 0.15 3 18 2:04pm SE 29.92 85 13 83.5 92.5 4:51pm 76.0 6:32am 0 18 0.00 3 14 2:59pm E 29.91 70 14 82.0 93.6 1:50pm 74.6 6:30am 0 17 0.10 2 20 3:39pm E 29.90 77 15 84.1 95.4 2:26pm 77.6 4:09am 0 19 0.00 4 20 5:12pm SSE 29.90 76 16 84.1 91.2 12:44pm 78.3 5:18am 0 18 0.00 5 20 4:24pm WNW 29.87 73 17 83.9 92.1 12:56pm 77.4 6:02am 0 19 0.00 3 19 2:43pm WNW 29.84 73 18 84.4 94.3 1:27pm 78.3 6:40am 0 19 0.00 3 18 3:35pm WNW 29.86 70 19 84.2 93.8 12:38pm 77.6 5:49am 0 19 0.00 3 15 2:16pm WNW 29.90 69 20 78.7 87.2 2:14pm 75.1 10:34am 0 14 0.28 4 21 10:28am SSE 29.98 83 21 78.2 87.0 4:09pm 73.9 7:00am 0 13 0.25 2 16 4:20am ESE 30.06 79 22 76.0 79.8 11:22am 71.8 2:06pm 0 11 0.26 2 21 3:08pm E 30.05 87 23 75.4 89.3 12:59pm 71.8 6:44am 0 10 0.18 2 16 2:39pm NNE 30.01 85 24 77.5 86.1 2:27pm 71.8 6:33am 0 13 0.32 5 20 5:49pm NNE 29.92 81 25 81.3 92.5 3:55pm 74.0 6:47am 0 16 0.00 2 13 12:38am NE 29.89 74 26 84.6 97.8 2:20pm 77.6 12:48am 0 19 0.00 2 15 3:47pm S 29.97 69 27 82.2 91.2 1:49pm 77.6 6:14am 0 35 0.00 3 14 12:00am S 30.05 78 28 80.3 93.4 2:16pm 76.1 5:23am 0 15 0.22 2 26 2:36pm ESE 30.02 82 29 80.7 91.2 12:08pm 76.0 4:52am 0 23 0.07 3 23 12:48pm SSE 30.02 81 30 85.6 94.0 2:49pm 76.0 4:52am 0 31 0.07 3 15 1:28am SSE 29.98 73 --------------------------------------------------------------------------------------- TOT 80.1 97.8 6/26/05 68.8 6/2/05 0 486 11.03 3 35 6/7/05 ESE 29.94 79 HEAT BASE: 65.0 COOL BASE: 65.0
 
  
Hurricane Tracker

Hurricane Tracker
Hurricane Tracker
2017 Storm Tracker Forum


Atlantic Storms
No Storms


Sponsored Links

Recent Forum Posts

New Post
SW FL-Bonita Beach:Nice trout Inshore;Keeper Mutton Offshore
Posted by
fishbuster on Nov 09, 2017 at 02:17:33 PM


New Post
Philippe- Final Advisory
Posted by
ccstorms on Oct 29, 2017 at 05:36:13 PM


New Post
Invest 92L- Deactivated
Posted by
ccstorms on Oct 17, 2017 at 06:12:31 AM


New Post
Ophelia- Final Advisory
Posted by
ccstorms on Oct 16, 2017 at 06:32:58 AM


New Post
Nate- Final Advisory
Posted by
ccstorms on Oct 08, 2017 at 02:04:43 PM


New Post
SW FL-Bonita Beach: Fishing pre and post Hurricane Irma
Posted by
fishbuster on Oct 07, 2017 at 12:55:48 PM


***FORUM RULES***

Sponsored Links

Member Login
Username

Password


Join For Free!!
Click here to Register!

Total Hits
We received
79184378
page views since June 2005

Sponsored Links

Social Networks

Southwest Florida Weather | Central Florida Weather | Florida Weather

Cape Coral | Fort Myers | Bonita Springs | Naples | Punta Gorda | Port Charlotte | Estero | Sanibel | Lehigh Acres | Captiva | Pine Island | Bokeelia | St. James City | Alva | Arcadia | Labelle | Clewiston | Venice

Lee County | Charlotte County | Collier County | Hendry County | Desoto County
Glades County | Monroe County | Sarasota County | Manatee County
Hillsborough County | Pinellas County | Pasco County

Recommend us




Copyright Capeweather.com 2005-2017

DO NOT make decisions that affect life or property based on this data!
PHP-Nuke Copyright © 2004 by Francisco Burzi. This is free software, and you may redistribute it under the GPL. PHP-Nuke comes with absolutely no warranty, for details, see the license.
Page Generation: 0.24 Seconds