Southwest Florida Weather History, Yearly, Monthly, Daily, Records
 Click here to register!Home | Advertise | Forum | Live Webcams | Contact Us | Tell a Friend | Your Account  

Lee County Forecast & Temp
Current Temp: ^vxv007^ °F
Overnight

Overnight: Mostly cloudy, with a low around 59. North wind 7 to 9 mph.
Mostly Cloudy

Wednesday

Wednesday: Partly sunny, with a high near 72. North northeast wind 8 to 10 mph.
Partly Sunny

Lo 59 °FHi 72 °F
Extended Forecast
Florida Weather Forecast

Southwest Florida Webcams

Main Navigation
Weather
· Home
· Current Conditions
· Storm Warnings
· Station Graphs
· Storm Fronts
· Station History
· Drought Index
· Storm Reports
· Rainfall Estimates
· Fire Graphs

Doppler Radar
· Lee County
· Charlotte County
· Collier County
· Hendry County
· Desoto County
· Glades County
· Sarasota County
· Manatee County
· Hillsborough County
· Pinellas County
· Pasco County
· Southwest Florida
· Florida
· State Radars
· National

Satellite
· South Florida
· North Florida
· Regional
· National

Forecast
· Extended
· Marine
· Discussion
· Florida Forecast
· Hazardous Outlook
· Wave Heights
· Fire

Lightning
· Live
· Tracker
· Loop
· Network
· WASP
· WASP Loop

Tropical Weather
· Hurricane Tracker
· Tropical Satellite
· Sea Temperature
· Discussion
· Buoy Data
· Tracking Tools
· Monthly Summary

Moon and Tides
· Tides
· Moon Phase

Live Products

Fishing Reports

Local News

Other Info

Support Us

Support Capeweather.com
donations

If you find this website useful, consider making
a donation.

Click here to learn more


  
 

Southwest Florida Monthly and Yearly Weather Reports

2018: Jan | Feb | Mar | Apr | May | Jun | Jul | Aug | Sep | Oct | Nov | Dec 
2017: Jan | Feb | Mar | Apr | May | Jun | Jul | Aug | Sep | Oct | Nov | Dec 
2016: Jan | Feb | Mar | Apr | May | Jun | Jul | Aug | Sep | Oct | Nov | Dec 
2015: Jan | Feb | Mar | Apr | May | Jun | Jul | Aug | Sep | Oct | Nov | Dec 
2014: Jan | Feb | Mar | Apr | May | Jun | Jul | Aug | Sep | Oct | Nov | Dec 
2013: Jan | Feb | Mar | Apr | May | Jun | Jul | Aug | Sep | Oct | Nov | Dec 
2012: Jan | Feb | Mar | Apr | May | Jun | Jul | Aug | Sep | Oct | Nov | Dec 
2011: Jan | Feb | Mar | Apr | May | Jun | Jul | Aug | Sep | Oct | Nov | Dec 
2010: Jan | Feb | Mar | Apr | May | Jun | Jul | Aug | Sep | Oct | Nov | Dec 
2009: Jan | Feb | Mar | Apr | May | Jun | Jul | Aug | Sep | Oct | Nov | Dec 
2008: Jan | Feb | Mar | Apr | May | Jun | Jul | Aug | Sep | Oct | Nov | Dec 
2007: Jan | Feb | Mar | Apr | May | Jun | Jul | Aug | Sep | Oct | Nov | Dec 
2006: Jan | Feb | Mar | Apr | May | Jun | Jul | Aug | Sep | Oct | Nov | Dec 
2005: Jan | Feb | Mar | Apr | May | Jun | Jul | Aug | Sep | Oct | Nov | Dec 

Report for 2005 04
MONTHLY CLIMATOLOGICAL SUMMARY FOR 4/2005 HEAT COOL MEAN DEG DEG WIND SPEED DOM MEAN MEAN DAY TEMP HIGH TIME LOW TIME DAYS DAYS RAIN AVG HI TIME DIR BAROM HUM --------------------------------------------------------------------------------------- 1 76.7 85.1 1:52pm 69.9 5:48am 0 11 0.00 5 20 12:38pm S 29.94 78 2 69.4 63.1 12:00am 63.1 12:00am 0 5 0.00 13 15 12:00am NW 29.90 75 3 64.5 72.1 4:08pm 54.8 7:25am 2 6 0.00 8 22 1:28am NW 30.12 46 4 66.1 82.0 4:43pm 53.1 7:20am 3 4 0.00 3 14 9:10am NNE 30.14 57 5 70.7 86.5 3:52pm 59.3 7:04am 2 7 0.00 2 16 10:52am ESE 30.13 70 6 0.0 70.9 12:00am 70.9 12:00am 0 0 0.00 0 12 12:00am --- 0.00 0 7 74.0 81.4 1:12pm 65.8 9:45pm 0 8 0.77 9 34 9:13pm ESE 29.98 81 8 72.2 79.8 2:53pm 68.1 12:00am 0 7 0.01 7 23 2:25pm WNW 29.82 76 9 70.1 78.3 2:50pm 65.8 4:26am 0 5 0.00 6 20 5:12pm WNW 29.87 71 10 72.9 85.7 4:58pm 62.9 6:40am 0 8 0.00 4 18 10:06pm N 29.95 68 11 73.0 87.2 5:31pm 63.1 6:53am 0 8 0.00 3 17 2:39pm E 29.94 66 12 73.6 73.7 1:44am 73.3 12:00am 0 7 0.00 6 17 1:42am ESE 29.82 86 13 73.5 78.6 3:18pm 66.6 11:47pm 0 14 0.08 8 23 3:18pm WNW 29.83 68 14 71.5 81.1 1:42pm 62.9 6:05am 0 6 0.00 7 23 12:37pm WNW 29.86 60 15 65.6 73.9 5:06pm 58.3 7:25am 2 2 0.00 6 21 3:58pm N 29.99 63 16 65.9 76.1 4:29pm 56.3 6:40am 3 4 0.00 7 24 10:26pm NNE 30.16 57 17 65.2 78.8 3:35pm 50.8 5:12am 3 4 0.00 5 21 12:03am NNE 30.21 69 18 69.2 82.8 3:49pm 55.3 7:20am 2 6 0.00 4 14 2:20am E 30.17 64 19 69.9 80.3 3:09pm 58.9 6:55am 1 5 0.00 3 15 1:13pm E 30.13 63 20 71.6 80.5 4:33pm 64.7 7:21am 0 7 0.00 3 17 6:21pm E 30.08 62 21 71.8 82.6 3:12pm 61.3 6:57am 0 7 0.00 4 20 4:32pm N 30.00 64 22 72.7 84.7 1:27pm 62.1 6:52am 0 8 0.00 4 18 4:34pm W 29.94 67 23 72.6 82.4 2:14pm 63.7 6:37am 0 8 0.00 3 21 11:45pm SW 29.87 74 24 66.4 72.7 3:09pm 59.5 7:08am 1 2 0.00 10 27 3:30pm NW 29.89 56 25 71.5 81.8 2:21pm 62.4 1:55am 0 6 0.00 7 29 11:15am S 29.92 75 26 71.6 81.8 2:21pm 62.4 1:55am 0 6 0.00 7 29 11:15am S 29.92 75 27 74.7 88.6 2:06pm 65.6 2:25am 0 15 1.94 4 24 1:57am S 29.99 77 28 74.3 86.7 6:04pm 62.6 6:11am 0 10 0.00 4 20 9:05am N 30.07 48 29 76.0 88.8 2:50pm 66.8 6:41am 0 11 0.00 4 21 10:46pm ESE 30.05 68 30 76.6 85.3 1:50pm 67.8 6:31am 0 11 0.00 7 25 3:23pm SE 29.99 74 --------------------------------------------------------------------------------------- TOT 71.2 88.8 4/29/05 50.8 4/17/05 22 208 3.45 5 37 4/2/05 WNW 29.99 66 HEAT BASE: 65.0 COOL BASE: 65.0
 
  
Hurricane Tracker

Hurricane Tracker
Hurricane Tracker
2017 Storm Tracker Forum


Atlantic Storms
No Storms


Sponsored Links

Recent Forum Posts

New Post
I'll Fa Lay for You, Par rum pum pum pum, This Black Drum
Posted by
chris on Jan 22, 2018 at 05:52:29 PM


New Post
SW FL-Bonita Beach:Weather isn't helping, but we're catching
Posted by
fishbuster on Jan 18, 2018 at 11:46:09 AM


***FORUM RULES***

Member Login
Username

Password


Join For Free!!
Click here to Register!

Total Hits
We received
80778753
page views since June 2005

Sponsored Links

Social Networks

Southwest Florida Weather | Central Florida Weather | Florida Weather

Cape Coral | Fort Myers | Bonita Springs | Naples | Punta Gorda | Port Charlotte | Estero | Sanibel | Lehigh Acres | Captiva | Pine Island | Bokeelia | St. James City | Alva | Arcadia | Labelle | Clewiston | Venice

Lee County | Charlotte County | Collier County | Hendry County | Desoto County
Glades County | Monroe County | Sarasota County | Manatee County
Hillsborough County | Pinellas County | Pasco County

Recommend us




Copyright Capeweather.com 2005-2017

DO NOT make decisions that affect life or property based on this data!
PHP-Nuke Copyright © 2004 by Francisco Burzi. This is free software, and you may redistribute it under the GPL. PHP-Nuke comes with absolutely no warranty, for details, see the license.
Page Generation: 0.23 Seconds